Last updated on 2024-06-06 02:55:28 CEST.
Flavor | Version | Tinstall | Tcheck | Ttotal | Status | Flags |
---|---|---|---|---|---|---|
r-devel-linux-x86_64-debian-clang | 0.6.0 | 114.08 | 265.06 | 379.14 | OK | |
r-devel-linux-x86_64-debian-gcc | 0.6.0 | 89.48 | 191.84 | 281.32 | OK | |
r-devel-linux-x86_64-fedora-clang | 0.6.0 | 467.82 | OK | |||
r-devel-linux-x86_64-fedora-gcc | 0.6.0 | 426.03 | OK | |||
r-devel-windows-x86_64 | 0.6.0 | 89.00 | 316.00 | 405.00 | OK | |
r-patched-linux-x86_64 | 0.6.0 | 140.80 | 253.49 | 394.29 | OK | |
r-release-linux-x86_64 | 0.6.0 | 103.84 | 253.12 | 356.96 | OK | |
r-release-macos-arm64 | 0.6.0 | 109.00 | OK | |||
r-release-macos-x86_64 | 0.6.0 | 168.00 | OK | |||
r-release-windows-x86_64 | 0.6.0 | 87.00 | 315.00 | 402.00 | OK | |
r-oldrel-macos-arm64 | 0.6.0 | 108.00 | OK | |||
r-oldrel-macos-x86_64 | 0.6.0 | 231.00 | NOTE | |||
r-oldrel-windows-x86_64 | 0.6.0 | 116.00 | 418.00 | 534.00 | OK |
Version: 0.6.0
Check: installed package size
Result: NOTE
installed size is 5.4Mb
sub-directories of 1Mb or more:
R 2.0Mb
help 3.2Mb
Flavor: r-oldrel-macos-x86_64