Last updated on 2025-02-22 00:49:54 CET.
Flavor | Version | Tinstall | Tcheck | Ttotal | Status | Flags |
---|---|---|---|---|---|---|
r-devel-linux-x86_64-debian-clang | 0.1-4 | 2.50 | 23.00 | 25.50 | OK | |
r-devel-linux-x86_64-debian-gcc | 0.1-4 | 1.89 | 18.25 | 20.14 | OK | |
r-devel-linux-x86_64-fedora-clang | 0.1-4 | 41.55 | OK | |||
r-devel-linux-x86_64-fedora-gcc | 0.1-4 | 42.78 | NOTE | |||
r-devel-macos-arm64 | 0.1-4 | 22.00 | OK | |||
r-devel-macos-x86_64 | 0.1-4 | 30.00 | OK | |||
r-devel-windows-x86_64 | 0.1-4 | 4.00 | 44.00 | 48.00 | OK | |
r-patched-linux-x86_64 | 0.1-4 | 2.50 | 22.02 | 24.52 | OK | |
r-release-linux-x86_64 | 0.1-4 | 2.49 | 21.97 | 24.46 | OK | |
r-release-macos-arm64 | 0.1-4 | 18.00 | OK | |||
r-release-macos-x86_64 | 0.1-4 | 26.00 | OK | |||
r-release-windows-x86_64 | 0.1-4 | 4.00 | 45.00 | 49.00 | OK | |
r-oldrel-macos-arm64 | 0.1-4 | 21.00 | OK | |||
r-oldrel-macos-x86_64 | 0.1-4 | 24.00 | OK | |||
r-oldrel-windows-x86_64 | 0.1-4 | 5.00 | 58.00 | 63.00 | OK |
Version: 0.1-4
Check: for non-standard things in the check directory
Result: NOTE
Found the following files/directories:
‘Minimal-concordance.tex’ ‘Minimal.Rnw’ ‘Minimal.pdf’
‘Minimal.synctex.gz’ ‘Minimal.tex’ ‘figure’
Flavor: r-devel-linux-x86_64-fedora-gcc