Last updated on 2025-10-31 00:51:10 CET.
| Flavor | Version | Tinstall | Tcheck | Ttotal | Status | Flags | 
|---|---|---|---|---|---|---|
| r-devel-linux-x86_64-debian-clang | 0.4.2 | 1.96 | 25.83 | 27.79 | NOTE | |
| r-devel-linux-x86_64-debian-gcc | 0.4.2 | 1.70 | 20.42 | 22.12 | NOTE | |
| r-devel-linux-x86_64-fedora-clang | 0.4.2 | 41.69 | NOTE | |||
| r-devel-linux-x86_64-fedora-gcc | 0.4.2 | 39.57 | NOTE | |||
| r-devel-windows-x86_64 | 0.4.2 | 3.00 | 44.00 | 47.00 | NOTE | |
| r-patched-linux-x86_64 | 0.4.2 | 1.93 | 24.63 | 26.56 | NOTE | |
| r-release-linux-x86_64 | 0.4.2 | 2.08 | 24.20 | 26.28 | NOTE | |
| r-release-macos-arm64 | 0.4.2 | 1.00 | 23.00 | 24.00 | NOTE | |
| r-release-macos-x86_64 | 0.4.2 | 2.00 | 36.00 | 38.00 | NOTE | |
| r-release-windows-x86_64 | 0.4.2 | 4.00 | 45.00 | 49.00 | NOTE | |
| r-oldrel-macos-arm64 | 0.4.2 | 1.00 | 17.00 | 18.00 | NOTE | |
| r-oldrel-macos-x86_64 | 0.4.2 | 2.00 | 21.00 | 23.00 | NOTE | |
| r-oldrel-windows-x86_64 | 0.4.2 | 6.00 | 51.00 | 57.00 | NOTE | 
Version: 0.4.2
Check: CRAN incoming feasibility
Result: NOTE
  Maintainer: ‘Matthew Hutchinson <matthewhutchinson15@gmail.com>’
  
  No Authors@R field in DESCRIPTION.
  Please add one, modifying
    Authors@R: c(person(given = c("Juan", "Antonio"),
                        family = "Balbuena",
                        role = "aut",
                        email = "j.a.balbuena@uv.es"),
                 person(given = "Timothee",
                        family = "Poisot",
                        role = "aut",
                        email = "tim@poisotlab.io"),
                 person(given = "Matthew",
                        family = "Hutchinson",
                        role = c("aut", "cre"),
                        email = "matthewhutchinson15@gmail.com"),
                 person(given = c("Fernando", "Cagua;", "see", "PLoS", "ONE", "Balbuena", "et", "al", "2013"),
                        family = "<https://doi.org/10.1371/journal.pone.0061048>",
                        role = "aut",
                        email = "https://doi.org/10.1371/journal.pone.0061048"))
  as necessary.
Flavors: r-devel-linux-x86_64-debian-clang, r-devel-linux-x86_64-debian-gcc
Version: 0.4.2
Check: Rd files
Result: NOTE
  checkRd: (-1) residuals_paco.Rd:10: Escaped LaTeX specials: \$
Flavors: r-devel-linux-x86_64-debian-clang, r-devel-linux-x86_64-debian-gcc, r-devel-linux-x86_64-fedora-clang, r-devel-linux-x86_64-fedora-gcc, r-devel-windows-x86_64, r-patched-linux-x86_64, r-release-linux-x86_64, r-release-macos-arm64, r-release-macos-x86_64, r-release-windows-x86_64, r-oldrel-macos-arm64, r-oldrel-macos-x86_64, r-oldrel-windows-x86_64
Version: 0.4.2
Check: dependencies in R code
Result: NOTE
  Namespace in Imports field not imported from: ‘ape’
    All declared Imports should be used.
Flavors: r-devel-linux-x86_64-fedora-clang, r-devel-linux-x86_64-fedora-gcc