Last updated on 2024-06-05 01:47:56 CEST.
Flavor | Version | Tinstall | Tcheck | Ttotal | Status | Flags |
---|---|---|---|---|---|---|
r-devel-linux-x86_64-debian-clang | 1.2-4 | 8.47 | 96.60 | 105.07 | NOTE | |
r-devel-linux-x86_64-debian-gcc | 1.2-4 | 7.04 | 72.49 | 79.53 | NOTE | |
r-devel-linux-x86_64-fedora-clang | 1.2-4 | 128.81 | NOTE | |||
r-devel-linux-x86_64-fedora-gcc | 1.2-4 | 135.88 | NOTE | |||
r-devel-windows-x86_64 | 1.2-4 | 10.00 | 113.00 | 123.00 | NOTE | |
r-patched-linux-x86_64 | 1.2-4 | 9.39 | 90.05 | 99.44 | NOTE | |
r-release-linux-x86_64 | 1.2-4 | 6.37 | 92.82 | 99.19 | NOTE | |
r-release-macos-arm64 | 1.2-4 | 46.00 | NOTE | |||
r-release-windows-x86_64 | 1.2-4 | 9.00 | 113.00 | 122.00 | NOTE | |
r-oldrel-macos-arm64 | 1.2-4 | 56.00 | OK | |||
r-oldrel-macos-x86_64 | 1.2-4 | 122.00 | OK | |||
r-oldrel-windows-x86_64 | 1.2-4 | 11.00 | 120.00 | 131.00 | OK |
Version: 1.2-4
Check: Rd files
Result: NOTE
checkRd: (-1) returns.Rd:21: Lost braces; missing escapes or markup?
21 | \item{...}{Other options including {type} which refers to the
| ^
Flavors: r-devel-linux-x86_64-debian-clang, r-devel-linux-x86_64-debian-gcc, r-devel-linux-x86_64-fedora-clang, r-devel-linux-x86_64-fedora-gcc, r-devel-windows-x86_64, r-patched-linux-x86_64, r-release-linux-x86_64, r-release-macos-arm64, r-release-windows-x86_64