Last updated on 2025-10-31 00:51:10 CET.
| Flavor | Version | Tinstall | Tcheck | Ttotal | Status | Flags | 
|---|---|---|---|---|---|---|
| r-devel-linux-x86_64-debian-clang | 0.5.3 | 4.75 | 90.99 | 95.74 | OK | |
| r-devel-linux-x86_64-debian-gcc | 0.5.3 | 3.61 | 68.78 | 72.39 | OK | |
| r-devel-linux-x86_64-fedora-clang | 0.5.3 | 11.00 | 137.61 | 148.61 | OK | |
| r-devel-linux-x86_64-fedora-gcc | 0.5.3 | 12.00 | 152.86 | 164.86 | OK | |
| r-devel-windows-x86_64 | 0.5.3 | 8.00 | 120.00 | 128.00 | OK | |
| r-patched-linux-x86_64 | 0.5.3 | 5.90 | 89.95 | 95.85 | OK | |
| r-release-linux-x86_64 | 0.5.3 | 4.99 | 89.38 | 94.37 | OK | |
| r-release-macos-arm64 | 0.5.3 | 4.00 | 55.00 | 59.00 | OK | |
| r-release-macos-x86_64 | 0.5.3 | 5.00 | 93.00 | 98.00 | OK | |
| r-release-windows-x86_64 | 0.5.3 | 8.00 | 120.00 | 128.00 | OK | |
| r-oldrel-macos-arm64 | 0.5.3 | 4.00 | 65.00 | 69.00 | NOTE | |
| r-oldrel-macos-x86_64 | 0.5.3 | 6.00 | 118.00 | 124.00 | NOTE | |
| r-oldrel-windows-x86_64 | 0.5.3 | 10.00 | 159.00 | 169.00 | NOTE | 
Version: 0.5.3
Check: installed package size
Result: NOTE
    installed size is  5.4Mb
    sub-directories of 1Mb or more:
      data   3.7Mb
      help   1.1Mb
Flavors: r-oldrel-macos-arm64, r-oldrel-macos-x86_64, r-oldrel-windows-x86_64