Last updated on 2025-02-22 00:49:54 CET.
Flavor | Version | Tinstall | Tcheck | Ttotal | Status | Flags |
---|---|---|---|---|---|---|
r-devel-linux-x86_64-debian-clang | 0.1-1 | 32.30 | 64.60 | 96.90 | OK | |
r-devel-linux-x86_64-debian-gcc | 0.1-1 | 22.73 | 48.48 | 71.21 | OK | |
r-devel-linux-x86_64-fedora-clang | 0.1-1 | 180.44 | OK | |||
r-devel-linux-x86_64-fedora-gcc | 0.1-1 | 167.36 | OK | |||
r-devel-macos-arm64 | 0.1-1 | 45.00 | OK | |||
r-devel-macos-x86_64 | 0.1-1 | 80.00 | OK | |||
r-devel-windows-x86_64 | 0.1-1 | 40.00 | 90.00 | 130.00 | OK | |
r-patched-linux-x86_64 | 0.1-1 | 31.46 | 60.70 | 92.16 | NOTE | |
r-release-linux-x86_64 | 0.1-1 | 32.19 | 60.71 | 92.90 | NOTE | |
r-release-macos-arm64 | 0.1-1 | 45.00 | NOTE | |||
r-release-macos-x86_64 | 0.1-1 | 73.00 | NOTE | |||
r-release-windows-x86_64 | 0.1-1 | 39.00 | 89.00 | 128.00 | NOTE | |
r-oldrel-macos-arm64 | 0.1-1 | 51.00 | NOTE | |||
r-oldrel-macos-x86_64 | 0.1-1 | 88.00 | NOTE | |||
r-oldrel-windows-x86_64 | 0.1-1 | 35.00 | 107.00 | 142.00 | NOTE |
Version: 0.1-1
Check: LazyData
Result: NOTE
'LazyData' is specified without a 'data' directory
Flavors: r-patched-linux-x86_64, r-release-linux-x86_64, r-release-macos-arm64, r-release-macos-x86_64, r-release-windows-x86_64, r-oldrel-macos-arm64, r-oldrel-macos-x86_64, r-oldrel-windows-x86_64