Last updated on 2025-10-31 00:51:10 CET.
| Flavor | Version | Tinstall | Tcheck | Ttotal | Status | Flags | 
|---|---|---|---|---|---|---|
| r-devel-linux-x86_64-debian-clang | 1.0-2 | 1.85 | 28.37 | 30.22 | NOTE | |
| r-devel-linux-x86_64-debian-gcc | 1.0-2 | 1.43 | 22.90 | 24.33 | NOTE | |
| r-devel-linux-x86_64-fedora-clang | 1.0-2 | 46.59 | OK | |||
| r-devel-linux-x86_64-fedora-gcc | 1.0-2 | 59.07 | OK | |||
| r-devel-windows-x86_64 | 1.0-2 | 3.00 | 48.00 | 51.00 | OK | |
| r-patched-linux-x86_64 | 1.0-2 | 1.90 | 26.49 | 28.39 | OK | |
| r-release-linux-x86_64 | 1.0-2 | 1.57 | 26.45 | 28.02 | OK | |
| r-release-macos-arm64 | 1.0-2 | 1.00 | 28.00 | 29.00 | OK | |
| r-release-macos-x86_64 | 1.0-2 | 3.00 | 48.00 | 51.00 | OK | |
| r-release-windows-x86_64 | 1.0-2 | 4.00 | 50.00 | 54.00 | OK | |
| r-oldrel-macos-arm64 | 1.0-2 | 1.00 | 34.00 | 35.00 | OK | |
| r-oldrel-macos-x86_64 | 1.0-2 | 2.00 | 39.00 | 41.00 | OK | |
| r-oldrel-windows-x86_64 | 1.0-2 | 4.00 | 56.00 | 60.00 | OK | 
Version: 1.0-2
Check: CRAN incoming feasibility
Result: NOTE
  Maintainer: ‘Florian Gerber <flora.fauna.gerber@gmail.com>’
  
  Package CITATION file contains call(s) to old-style personList() or
  as.personList().  Please use c() on person objects instead.
  Package CITATION file contains call(s) to old-style citEntry().  Please
  use bibentry() instead.
Flavors: r-devel-linux-x86_64-debian-clang, r-devel-linux-x86_64-debian-gcc