Last updated on 2025-11-01 01:50:38 CET.
| Flavor | Version | Tinstall | Tcheck | Ttotal | Status | Flags |
|---|---|---|---|---|---|---|
| r-devel-linux-x86_64-debian-clang | 1.0.5 | 164.05 | 161.32 | 325.37 | OK | |
| r-devel-linux-x86_64-debian-gcc | 1.0.5 | 103.91 | 115.34 | 219.25 | OK | |
| r-devel-linux-x86_64-fedora-clang | 1.0.5 | 535.00 | 79.19 | 614.19 | OK | |
| r-devel-linux-x86_64-fedora-gcc | 1.0.5 | 780.00 | -196.03 | 583.97 | OK | |
| r-devel-windows-x86_64 | 1.0.5 | 182.00 | 207.00 | 389.00 | OK | |
| r-patched-linux-x86_64 | 1.0.5 | 155.87 | 151.02 | 306.89 | OK | |
| r-release-linux-x86_64 | 1.0.5 | 159.75 | 151.64 | 311.39 | OK | |
| r-release-macos-arm64 | 1.0.5 | 52.00 | 66.00 | 118.00 | OK | |
| r-release-macos-x86_64 | 1.0.5 | 51.00 | 158.00 | 209.00 | OK | |
| r-release-windows-x86_64 | 1.0.5 | 181.00 | 205.00 | 386.00 | OK | |
| r-oldrel-macos-arm64 | 1.0.5 | 53.00 | 70.00 | 123.00 | NOTE | |
| r-oldrel-macos-x86_64 | 1.0.5 | 56.00 | 154.00 | 210.00 | NOTE | |
| r-oldrel-windows-x86_64 | 1.0.5 | 224.00 | 258.00 | 482.00 | NOTE |
Version: 1.0.5
Check: package dependencies
Result: NOTE
Package suggested but not available for checking: ‘gurobi’
Flavors: r-oldrel-macos-arm64, r-oldrel-macos-x86_64, r-oldrel-windows-x86_64
Version: 1.0.5
Check: installed package size
Result: NOTE
installed size is 8.0Mb
sub-directories of 1Mb or more:
libs 6.5Mb
Flavors: r-oldrel-macos-arm64, r-oldrel-macos-x86_64