Last updated on 2025-10-31 00:51:10 CET.
| Flavor | Version | Tinstall | Tcheck | Ttotal | Status | Flags | 
|---|---|---|---|---|---|---|
| r-devel-linux-x86_64-debian-clang | 1.5.3-5 | 3.36 | 23.44 | 26.80 | OK | |
| r-devel-linux-x86_64-debian-gcc | 1.5.3-5 | 2.64 | 18.67 | 21.31 | OK | |
| r-devel-linux-x86_64-fedora-clang | 1.5.3-5 | 41.00 | OK | |||
| r-devel-linux-x86_64-fedora-gcc | 1.5.3-5 | 39.46 | OK | |||
| r-devel-windows-x86_64 | 1.5.3-5 | 4.00 | 32.00 | 36.00 | OK | |
| r-patched-linux-x86_64 | 1.5.3-5 | 2.89 | 22.36 | 25.25 | OK | |
| r-release-linux-x86_64 | 1.5.3-5 | 2.96 | 22.76 | 25.72 | OK | |
| r-release-macos-arm64 | 1.5.3-5 | 4.00 | 15.00 | 19.00 | OK | |
| r-release-macos-x86_64 | 1.5.3-5 | 5.00 | 25.00 | 30.00 | OK | |
| r-release-windows-x86_64 | 1.5.3-5 | 4.00 | 37.00 | 41.00 | OK | |
| r-oldrel-macos-arm64 | 1.5.3-5 | 3.00 | 15.00 | 18.00 | NOTE | |
| r-oldrel-macos-x86_64 | 1.5.3-5 | 4.00 | 20.00 | 24.00 | NOTE | |
| r-oldrel-windows-x86_64 | 1.5.3-5 | 4.00 | 32.00 | 36.00 | NOTE | 
Version: 1.5.3-5
Check: installed package size
Result: NOTE
    installed size is  7.2Mb
    sub-directories of 1Mb or more:
      java     1.2Mb
      models   6.0Mb
Flavors: r-oldrel-macos-arm64, r-oldrel-macos-x86_64, r-oldrel-windows-x86_64