Last updated on 2025-10-31 00:51:10 CET.
| Flavor | Version | Tinstall | Tcheck | Ttotal | Status | Flags | 
|---|---|---|---|---|---|---|
| r-devel-linux-x86_64-debian-clang | 0.4 | 17.94 | 139.97 | 157.91 | NOTE | |
| r-devel-linux-x86_64-debian-gcc | 0.4 | 13.66 | 102.92 | 116.58 | NOTE | |
| r-devel-linux-x86_64-fedora-clang | 0.4 | 38.00 | 207.37 | 245.37 | OK | |
| r-devel-linux-x86_64-fedora-gcc | 0.4 | 35.00 | 191.79 | 226.79 | OK | |
| r-devel-windows-x86_64 | 0.4 | 19.00 | 129.00 | 148.00 | OK | |
| r-patched-linux-x86_64 | 0.4 | 16.53 | 129.41 | 145.94 | OK | |
| r-release-linux-x86_64 | 0.4 | 15.92 | 129.38 | 145.30 | OK | |
| r-release-macos-arm64 | 0.4 | 5.00 | ERROR | |||
| r-release-macos-x86_64 | 0.4 | 6.00 | ERROR | |||
| r-release-windows-x86_64 | 0.4 | 19.00 | 130.00 | 149.00 | OK | |
| r-oldrel-macos-arm64 | 0.4 | 9.00 | ERROR | |||
| r-oldrel-macos-x86_64 | 0.4 | 11.00 | ERROR | |||
| r-oldrel-windows-x86_64 | 0.4 | 27.00 | 172.00 | 199.00 | OK | 
Version: 0.4
Check: CRAN incoming feasibility
Result: NOTE
  Maintainer: ‘Jorn Lotsch <j.lotsch@em.uni-frankfurt.de>’
  
  No Authors@R field in DESCRIPTION.
  Please add one, modifying
    Authors@R: c(person(given = "Jorn",
                        family = "Lotsch",
                        role = c("aut", "cre"),
                        email = "j.lotsch@em.uni-frankfurt.de",
                        comment = c(ORCID = "0000-0002-5818-6958")),
                 person(given = "Sebastian",
                        family = "Malkusch",
                        role = "aut",
                        comment = c(ORCID = "0000-0001-6766-140X")),
                 person(given = "Martin",
                        family = "Maechler",
                        role = "ctb"),
                 person(given = "Peter",
                        family = "Rousseeuw",
                        role = "ctb"),
                 person(given = "Anja",
                        family = "Struyf",
                        role = "ctb"),
                 person(given = "Mia",
                        family = "Hubert",
                        role = "ctb"),
                 person(given = "Kurt",
                        family = "Hornik",
                        role = "ctb"))
  as necessary.
Flavors: r-devel-linux-x86_64-debian-clang, r-devel-linux-x86_64-debian-gcc
Version: 0.4
Check: package dependencies
Result: ERROR
  Package required but not available: ‘mixAK’
  
  See section ‘The DESCRIPTION file’ in the ‘Writing R Extensions’
  manual.
Flavors: r-release-macos-arm64, r-release-macos-x86_64, r-oldrel-macos-arm64, r-oldrel-macos-x86_64