Last updated on 2024-05-23 01:58:03 CEST.
Flavor | Version | Tinstall | Tcheck | Ttotal | Status | Flags |
---|---|---|---|---|---|---|
r-devel-linux-x86_64-debian-clang | 1.0.2 | 57.57 | 444.73 | 502.30 | OK | |
r-devel-linux-x86_64-debian-gcc | 1.0.2 | 35.86 | 309.13 | 344.99 | OK | |
r-devel-linux-x86_64-fedora-clang | 1.0.2 | 617.79 | OK | |||
r-devel-linux-x86_64-fedora-gcc | 1.0.2 | 608.77 | OK | |||
r-devel-windows-x86_64 | 1.0.2 | 42.00 | 331.00 | 373.00 | OK | |
r-patched-linux-x86_64 | 1.0.2 | 55.16 | 429.15 | 484.31 | OK | |
r-release-linux-x86_64 | 1.0.2 | 48.28 | 421.94 | 470.22 | OK | |
r-release-macos-arm64 | 1.0.2 | 133.00 | NOTE | |||
r-release-windows-x86_64 | 1.0.2 | 43.00 | 341.00 | 384.00 | OK | |
r-oldrel-macos-arm64 | 1.0.2 | 157.00 | NOTE | |||
r-oldrel-macos-x86_64 | 1.0.2 | 418.00 | NOTE | |||
r-oldrel-windows-x86_64 | 1.0.2 | 55.00 | 413.00 | 468.00 | OK |
Version: 1.0.2
Check: installed package size
Result: NOTE
installed size is 5.6Mb
sub-directories of 1Mb or more:
doc 3.2Mb
libs 1.6Mb
Flavors: r-release-macos-arm64, r-oldrel-macos-arm64, r-oldrel-macos-x86_64