Last updated on 2025-10-31 00:51:10 CET.
| Flavor | Version | Tinstall | Tcheck | Ttotal | Status | Flags | 
|---|---|---|---|---|---|---|
| r-devel-linux-x86_64-debian-clang | 1.5-3 | 19.29 | 180.20 | 199.49 | OK | |
| r-devel-linux-x86_64-debian-gcc | 1.5-3 | 12.38 | 127.82 | 140.20 | OK | |
| r-devel-linux-x86_64-fedora-clang | 1.5-3 | 37.00 | 265.08 | 302.08 | OK | |
| r-devel-linux-x86_64-fedora-gcc | 1.5-3 | 40.00 | 265.65 | 305.65 | OK | |
| r-devel-windows-x86_64 | 1.5-3 | 23.00 | 191.00 | 214.00 | OK | |
| r-patched-linux-x86_64 | 1.5-3 | 18.45 | 174.49 | 192.94 | OK | |
| r-release-linux-x86_64 | 1.5-3 | 19.08 | 171.82 | 190.90 | OK | |
| r-release-macos-arm64 | 1.5-3 | 13.00 | 151.00 | 164.00 | WARN | |
| r-release-macos-x86_64 | 1.5-3 | 19.00 | 187.00 | 206.00 | OK | |
| r-release-windows-x86_64 | 1.5-3 | 21.00 | 194.00 | 215.00 | OK | |
| r-oldrel-macos-arm64 | 1.5-3 | 10.00 | 93.00 | 103.00 | WARN | |
| r-oldrel-macos-x86_64 | 1.5-3 | 19.00 | 168.00 | 187.00 | OK | |
| r-oldrel-windows-x86_64 | 1.5-3 | 28.00 | 251.00 | 279.00 | OK | 
Version: 1.5-3
Check: re-building of vignette outputs
Result: WARN
  Error(s) in re-building vignettes:
  --- re-building ‘onionmat.Rmd’ using rmarkdown
  --- finished re-building ‘onionmat.Rmd’
  
  --- re-building ‘onionpaper.Rnw’ using Sweave
  Loading required package: onion
  Warning in plot.xy(xy.coords(x, y), type = type, ...) :
    "box" is not a graphical parameter
  Warning in plot.xy(xy.coords(x, y), type = type, ...) :
    "r" is not a graphical parameter
  Warning in plot.xy(xy.coords(x, y), type = type, ...) :
    "theta" is not a graphical parameter
  Warning in plot.xy(xy.coords(x, y), type = type, ...) :
    "phi" is not a graphical parameter
  Warning in plot.xy(xy.coords(x, y), type = type, ...) :
    "box" is not a graphical parameter
  Warning in plot.xy(xy.coords(x, y), type = type, ...) :
    "r" is not a graphical parameter
  Warning in plot.xy(xy.coords(x, y), type = type, ...) :
    "theta" is not a graphical parameter
  Warning in plot.xy(xy.coords(x, y), type = type, ...) :
    "phi" is not a graphical parameter
  Warning in plot.xy(xy.coords(x, y), type = type, ...) :
    "box" is not a graphical parameter
  Warning in plot.xy(xy.coords(x, y), type = type, ...) :
    "r" is not a graphical parameter
  Warning in plot.xy(xy.coords(x, y), type = type, ...) :
    "theta" is not a graphical parameter
  Warning in plot.xy(xy.coords(x, y), type = type, ...) :
    "phi" is not a graphical parameter
  Warning in plot.xy(xy.coords(x, y), type = type, ...) :
    "box" is not a graphical parameter
  Warning in plot.xy(xy.coords(x, y), type = type, ...) :
    "r" is not a graphical parameter
  Warning in plot.xy(xy.coords(x, y), type = type, ...) :
    "theta" is not a graphical parameter
  Warning in plot.xy(xy.coords(x, y), type = type, ...) :
    "phi" is not a graphical parameter
  Error: processing vignette 'onionpaper.Rnw' failed with diagnostics:
  Running 'texi2dvi' on 'onionpaper.tex' failed.
  LaTeX errors:
  !pdfTeX error: pdflatex (file bbm10): Font bbm10 at 657 not found
   ==> Fatal error occurred, no output PDF file produced!
  --- failed re-building ‘onionpaper.Rnw’
  
  SUMMARY: processing the following file failed:
    ‘onionpaper.Rnw’
  
  Error: Vignette re-building failed.
  Execution halted
Flavors: r-release-macos-arm64, r-oldrel-macos-arm64