Last updated on 2025-10-31 00:51:10 CET.
| Flavor | Version | Tinstall | Tcheck | Ttotal | Status | Flags | 
|---|---|---|---|---|---|---|
| r-devel-linux-x86_64-debian-clang | 0.1.1 | 3.00 | 158.53 | 161.53 | NOTE | |
| r-devel-linux-x86_64-debian-gcc | 0.1.1 | 2.09 | 105.26 | 107.35 | NOTE | |
| r-devel-linux-x86_64-fedora-clang | 0.1.1 | 252.36 | NOTE | |||
| r-devel-linux-x86_64-fedora-gcc | 0.1.1 | 257.79 | NOTE | |||
| r-devel-windows-x86_64 | 0.1.1 | 4.00 | 152.00 | 156.00 | NOTE | |
| r-patched-linux-x86_64 | 0.1.1 | 2.85 | 149.88 | 152.73 | NOTE | |
| r-release-linux-x86_64 | 0.1.1 | 2.96 | 149.91 | 152.87 | NOTE | |
| r-release-macos-arm64 | 0.1.1 | 1.00 | 61.00 | 62.00 | NOTE | |
| r-release-macos-x86_64 | 0.1.1 | 3.00 | 148.00 | 151.00 | NOTE | |
| r-release-windows-x86_64 | 0.1.1 | 7.00 | 154.00 | 161.00 | NOTE | |
| r-oldrel-macos-arm64 | 0.1.1 | 1.00 | 60.00 | 61.00 | NOTE | |
| r-oldrel-macos-x86_64 | 0.1.1 | 2.00 | 102.00 | 104.00 | NOTE | |
| r-oldrel-windows-x86_64 | 0.1.1 | 6.00 | 212.00 | 218.00 | NOTE | 
Version: 0.1.1
Check: CRAN incoming feasibility
Result: NOTE
  Maintainer: ‘Andrea Pagotto <ajpagotto@gmail.com>’
  
  No Authors@R field in DESCRIPTION.
  Please add one, modifying
    Authors@R: person(given = "Andrea",
                      family = "Pagotto",
                      role = c("aut", "cre"),
                      email = "ajpagotto@gmail.com")
  as necessary.
  
  The Description field contains
    and MacKay (2007) <arXiv:0710.3742> for univariate or multivariate
  Please refer to arXiv e-prints via their arXiv DOI <doi:10.48550/arXiv.YYMM.NNNNN>.
Flavors: r-devel-linux-x86_64-debian-clang, r-devel-linux-x86_64-debian-gcc
Version: 0.1.1
Check: Rd files
Result: NOTE
  checkRd: (-1) onlineCPD.Rd:35: Lost braces
      35 |  function(x, lambda){const_hazard(x, lambda=100)}
         |                     ^
Flavors: r-devel-linux-x86_64-debian-clang, r-devel-linux-x86_64-debian-gcc, r-devel-linux-x86_64-fedora-clang, r-devel-linux-x86_64-fedora-gcc, r-devel-windows-x86_64, r-patched-linux-x86_64, r-release-linux-x86_64, r-release-macos-arm64, r-release-macos-x86_64, r-release-windows-x86_64, r-oldrel-macos-arm64, r-oldrel-macos-x86_64, r-oldrel-windows-x86_64