CRAN Package Check Results for Package nord

Last updated on 2025-02-22 00:49:53 CET.

Flavor Version Tinstall Tcheck Ttotal Status Flags
r-devel-linux-x86_64-debian-clang 1.0.0 4.19 39.37 43.56 OK
r-devel-linux-x86_64-debian-gcc 1.0.0 3.26 29.72 32.98 OK
r-devel-linux-x86_64-fedora-clang 1.0.0 69.31 OK
r-devel-linux-x86_64-fedora-gcc 1.0.0 65.71 OK
r-devel-macos-arm64 1.0.0 25.00 OK
r-devel-macos-x86_64 1.0.0 44.00 OK
r-devel-windows-x86_64 1.0.0 6.00 69.00 75.00 OK
r-patched-linux-x86_64 1.0.0 3.91 37.86 41.77 NOTE
r-release-linux-x86_64 1.0.0 4.17 37.83 42.00 NOTE
r-release-macos-arm64 1.0.0 25.00 NOTE
r-release-macos-x86_64 1.0.0 35.00 NOTE
r-release-windows-x86_64 1.0.0 6.00 64.00 70.00 NOTE
r-oldrel-macos-arm64 1.0.0 27.00 NOTE
r-oldrel-macos-x86_64 1.0.0 37.00 NOTE
r-oldrel-windows-x86_64 1.0.0 7.00 95.00 102.00 NOTE

Check Details

Version: 1.0.0
Check: LazyData
Result: NOTE 'LazyData' is specified without a 'data' directory Flavors: r-patched-linux-x86_64, r-release-linux-x86_64, r-release-macos-arm64, r-release-macos-x86_64, r-release-windows-x86_64, r-oldrel-macos-arm64, r-oldrel-macos-x86_64, r-oldrel-windows-x86_64