Last updated on 2025-10-31 00:51:10 CET.
| Flavor | Version | Tinstall | Tcheck | Ttotal | Status | Flags | 
|---|---|---|---|---|---|---|
| r-devel-linux-x86_64-debian-clang | 1.2.0.0 | 1.81 | 29.44 | 31.25 | NOTE | |
| r-devel-linux-x86_64-debian-gcc | 1.2.0.0 | 1.85 | 22.99 | 24.84 | NOTE | |
| r-devel-linux-x86_64-fedora-clang | 1.2.0.0 | 48.29 | OK | |||
| r-devel-linux-x86_64-fedora-gcc | 1.2.0.0 | 46.40 | OK | |||
| r-devel-windows-x86_64 | 1.2.0.0 | 4.00 | 48.00 | 52.00 | OK | |
| r-patched-linux-x86_64 | 1.2.0.0 | 2.09 | 27.39 | 29.48 | OK | |
| r-release-linux-x86_64 | 1.2.0.0 | 1.72 | 28.07 | 29.79 | OK | |
| r-release-macos-arm64 | 1.2.0.0 | 1.00 | 17.00 | 18.00 | OK | |
| r-release-macos-x86_64 | 1.2.0.0 | 2.00 | 29.00 | 31.00 | OK | |
| r-release-windows-x86_64 | 1.2.0.0 | 4.00 | 50.00 | 54.00 | OK | |
| r-oldrel-macos-arm64 | 1.2.0.0 | 1.00 | 18.00 | 19.00 | NOTE | |
| r-oldrel-macos-x86_64 | 1.2.0.0 | 2.00 | 22.00 | 24.00 | NOTE | |
| r-oldrel-windows-x86_64 | 1.2.0.0 | 5.00 | 55.00 | 60.00 | NOTE | 
Version: 1.2.0.0
Check: CRAN incoming feasibility
Result: NOTE
  Maintainer: ‘Jing Zhang<zj391120@163.com>’
  
  No Authors@R field in DESCRIPTION.
  Please add one, modifying
    Authors@R: c(person(given = "Jing",
                        family = "Zhang",
                        role = c("aut", "cre"),
                        email = "zj391120@163.com"),
                 person(given = "Zhi",
                        family = "Jin",
                        role = "aut"))
  as necessary.
Flavors: r-devel-linux-x86_64-debian-clang, r-devel-linux-x86_64-debian-gcc
Version: 1.2.0.0
Check: LazyData
Result: NOTE
    'LazyData' is specified without a 'data' directory
Flavors: r-oldrel-macos-arm64, r-oldrel-macos-x86_64, r-oldrel-windows-x86_64