Last updated on 2025-10-31 00:51:10 CET.
| Flavor | Version | Tinstall | Tcheck | Ttotal | Status | Flags | 
|---|---|---|---|---|---|---|
| r-devel-linux-x86_64-debian-clang | 0.1.2 | 27.38 | 68.02 | 95.40 | NOTE | |
| r-devel-linux-x86_64-debian-gcc | 0.1.2 | 18.07 | 51.82 | 69.89 | NOTE | |
| r-devel-linux-x86_64-fedora-clang | 0.1.2 | 42.00 | 92.67 | 134.67 | NOTE | |
| r-devel-linux-x86_64-fedora-gcc | 0.1.2 | 33.00 | 98.32 | 131.32 | NOTE | |
| r-devel-windows-x86_64 | 0.1.2 | 33.00 | 96.00 | 129.00 | NOTE | |
| r-patched-linux-x86_64 | 0.1.2 | 30.00 | 64.28 | 94.28 | NOTE | |
| r-release-linux-x86_64 | 0.1.2 | 28.39 | 63.72 | 92.11 | NOTE | |
| r-release-macos-arm64 | 0.1.2 | 12.00 | 44.00 | 56.00 | NOTE | |
| r-release-macos-x86_64 | 0.1.2 | 24.00 | 79.00 | 103.00 | NOTE | |
| r-release-windows-x86_64 | 0.1.2 | 36.00 | 95.00 | 131.00 | NOTE | |
| r-oldrel-macos-arm64 | 0.1.2 | 11.00 | 49.00 | 60.00 | NOTE | |
| r-oldrel-macos-x86_64 | 0.1.2 | 14.00 | 130.00 | 144.00 | NOTE | |
| r-oldrel-windows-x86_64 | 0.1.2 | 39.00 | 122.00 | 161.00 | NOTE | 
Version: 0.1.2
Check: C++ specification
Result: NOTE
    Specified C++14: please drop specification unless essential
Flavors: r-devel-linux-x86_64-debian-clang, r-devel-linux-x86_64-debian-gcc, r-devel-linux-x86_64-fedora-clang, r-devel-linux-x86_64-fedora-gcc, r-devel-windows-x86_64, r-patched-linux-x86_64, r-release-linux-x86_64, r-release-macos-arm64, r-release-macos-x86_64, r-release-windows-x86_64, r-oldrel-macos-arm64, r-oldrel-macos-x86_64, r-oldrel-windows-x86_64