Last updated on 2025-10-31 00:51:10 CET.
| Flavor | Version | Tinstall | Tcheck | Ttotal | Status | Flags | 
|---|---|---|---|---|---|---|
| r-devel-linux-x86_64-debian-clang | 0.1.6 | 10.89 | 155.52 | 166.41 | NOTE | |
| r-devel-linux-x86_64-debian-gcc | 0.1.6 | 7.38 | 116.58 | 123.96 | NOTE | |
| r-devel-linux-x86_64-fedora-clang | 0.1.6 | 19.00 | 218.04 | 237.04 | OK | |
| r-devel-linux-x86_64-fedora-gcc | 0.1.6 | 21.00 | 219.60 | 240.60 | OK | |
| r-devel-windows-x86_64 | 0.1.6 | 12.00 | 112.00 | 124.00 | OK | |
| r-patched-linux-x86_64 | 0.1.6 | 11.04 | 149.51 | 160.55 | OK | |
| r-release-linux-x86_64 | 0.1.6 | 9.94 | 149.31 | 159.25 | OK | |
| r-release-macos-arm64 | 0.1.6 | 4.00 | 51.00 | 55.00 | OK | |
| r-release-macos-x86_64 | 0.1.6 | 8.00 | 89.00 | 97.00 | OK | |
| r-release-windows-x86_64 | 0.1.6 | 12.00 | 111.00 | 123.00 | OK | |
| r-oldrel-macos-arm64 | 0.1.6 | 5.00 | 50.00 | 55.00 | OK | |
| r-oldrel-macos-x86_64 | 0.1.6 | 7.00 | 75.00 | 82.00 | OK | |
| r-oldrel-windows-x86_64 | 0.1.6 | 17.00 | 153.00 | 170.00 | OK | 
Version: 0.1.6
Check: CRAN incoming feasibility
Result: NOTE
  Maintainer: ‘David Phillippo <david.phillippo@bristol.ac.uk>’
  
  Package CITATION file contains call(s) to old-style personList() or
  as.personList().  Please use c() on person objects instead.
  Package CITATION file contains call(s) to old-style citEntry().  Please
  use bibentry() instead.
Flavors: r-devel-linux-x86_64-debian-clang, r-devel-linux-x86_64-debian-gcc