Last updated on 2025-10-31 00:51:10 CET.
| Flavor | Version | Tinstall | Tcheck | Ttotal | Status | Flags | 
|---|---|---|---|---|---|---|
| r-devel-linux-x86_64-debian-clang | 0.3-4 | 2.74 | 28.21 | 30.95 | NOTE | |
| r-devel-linux-x86_64-debian-gcc | 0.3-4 | 1.79 | 21.35 | 23.14 | NOTE | |
| r-devel-linux-x86_64-fedora-clang | 0.3-4 | 45.19 | OK | |||
| r-devel-linux-x86_64-fedora-gcc | 0.3-4 | 43.36 | OK | |||
| r-devel-windows-x86_64 | 0.3-4 | 4.00 | 45.00 | 49.00 | OK | |
| r-patched-linux-x86_64 | 0.3-4 | 2.55 | 26.90 | 29.45 | OK | |
| r-release-linux-x86_64 | 0.3-4 | 2.44 | 26.44 | 28.88 | OK | |
| r-release-macos-arm64 | 0.3-4 | 2.00 | 17.00 | 19.00 | OK | |
| r-release-macos-x86_64 | 0.3-4 | 3.00 | 32.00 | 35.00 | OK | |
| r-release-windows-x86_64 | 0.3-4 | 7.00 | 46.00 | 53.00 | OK | |
| r-oldrel-macos-arm64 | 0.3-4 | 1.00 | 23.00 | 24.00 | OK | |
| r-oldrel-macos-x86_64 | 0.3-4 | 4.00 | 60.00 | 64.00 | OK | |
| r-oldrel-windows-x86_64 | 0.3-4 | 4.00 | 51.00 | 55.00 | OK | 
Version: 0.3-4
Check: CRAN incoming feasibility
Result: NOTE
  Maintainer: ‘G. Grothendieck <ggrothendieck@gmail.com>’
  
  No Authors@R field in DESCRIPTION.
  Please add one, modifying
    Authors@R: c(person(given = "G.",
                        family = "Grothendieck",
                        role = c("aut", "cre"),
                        email = "ggrothendieck@gmail.com"),
                 person(given = c("R", "Core"),
                        family = "Team",
                        role = "aut",
                        comment = "nls"))
  as necessary.
Flavors: r-devel-linux-x86_64-debian-clang, r-devel-linux-x86_64-debian-gcc