Last updated on 2024-06-15 01:51:17 CEST.
Flavor | Version | Tinstall | Tcheck | Ttotal | Status | Flags |
---|---|---|---|---|---|---|
r-devel-linux-x86_64-debian-clang | 2.2.2 | 427.28 | 439.95 | 867.23 | OK | |
r-devel-linux-x86_64-debian-gcc | 2.2.2 | 316.17 | 373.00 | 689.17 | OK | |
r-devel-linux-x86_64-fedora-clang | 2.2.2 | 1183.65 | OK | |||
r-devel-linux-x86_64-fedora-gcc | 2.2.2 | 1332.88 | OK | |||
r-devel-windows-x86_64 | 2.2.2 | 336.00 | 400.00 | 736.00 | OK | |
r-patched-linux-x86_64 | 2.2.2 | 388.44 | 555.22 | 943.66 | OK | |
r-release-linux-x86_64 | 2.2.2 | 369.18 | 540.47 | 909.65 | OK | |
r-release-macos-arm64 | 2.2.2 | 254.00 | NOTE | |||
r-release-macos-x86_64 | 2.2.2 | 423.00 | NOTE | |||
r-release-windows-x86_64 | 2.2.2 | 354.00 | 403.00 | 757.00 | OK | |
r-oldrel-macos-arm64 | 2.2.2 | 244.00 | NOTE | |||
r-oldrel-macos-x86_64 | 2.2.2 | 425.00 | NOTE | |||
r-oldrel-windows-x86_64 | 2.2.2 | 426.00 | 478.00 | 904.00 | OK |
Version: 2.2.2
Check: installed package size
Result: NOTE
installed size is 20.4Mb
sub-directories of 1Mb or more:
libs 18.8Mb
Flavors: r-release-macos-arm64, r-release-macos-x86_64, r-oldrel-macos-arm64, r-oldrel-macos-x86_64