CRAN Package Check Results for Package nima

Last updated on 2025-02-22 00:49:53 CET.

Flavor Version Tinstall Tcheck Ttotal Status Flags
r-devel-linux-x86_64-debian-clang 0.6.2 5.23 47.87 53.10 OK
r-devel-linux-x86_64-debian-gcc 0.6.2 4.22 35.54 39.76 OK
r-devel-linux-x86_64-fedora-clang 0.6.2 87.04 OK
r-devel-linux-x86_64-fedora-gcc 0.6.2 77.77 OK
r-devel-macos-arm64 0.6.2 26.00 OK
r-devel-macos-x86_64 0.6.2 55.00 OK
r-devel-windows-x86_64 0.6.2 8.00 70.00 78.00 OK
r-patched-linux-x86_64 0.6.2 4.56 44.53 49.09 NOTE
r-release-linux-x86_64 0.6.2 5.37 44.05 49.42 NOTE
r-release-macos-arm64 0.6.2 25.00 NOTE
r-release-macos-x86_64 0.6.2 45.00 NOTE
r-release-windows-x86_64 0.6.2 7.00 74.00 81.00 NOTE
r-oldrel-macos-arm64 0.6.2 28.00 NOTE
r-oldrel-macos-x86_64 0.6.2 40.00 NOTE
r-oldrel-windows-x86_64 0.6.2 10.00 74.00 84.00 NOTE

Check Details

Version: 0.6.2
Check: LazyData
Result: NOTE 'LazyData' is specified without a 'data' directory Flavors: r-patched-linux-x86_64, r-release-linux-x86_64, r-release-macos-arm64, r-release-macos-x86_64, r-release-windows-x86_64, r-oldrel-macos-arm64, r-oldrel-macos-x86_64, r-oldrel-windows-x86_64