Last updated on 2025-02-22 00:49:53 CET.
Flavor | Version | Tinstall | Tcheck | Ttotal | Status | Flags |
---|---|---|---|---|---|---|
r-devel-linux-x86_64-debian-clang | 0.3.2 | 6.57 | 423.83 | 430.40 | NOTE | |
r-devel-linux-x86_64-debian-gcc | 0.3.2 | 4.46 | 237.66 | 242.12 | NOTE | |
r-devel-linux-x86_64-fedora-clang | 0.3.2 | 734.10 | NOTE | |||
r-devel-linux-x86_64-fedora-gcc | 0.3.2 | 699.27 | NOTE | |||
r-devel-macos-arm64 | 0.3.2 | 157.00 | OK | |||
r-devel-macos-x86_64 | 0.3.2 | 531.00 | NOTE | |||
r-devel-windows-x86_64 | 0.3.2 | 10.00 | 506.00 | 516.00 | NOTE | |
r-patched-linux-x86_64 | 0.3.2 | 7.19 | 385.63 | 392.82 | OK | |
r-release-linux-x86_64 | 0.3.2 | 6.13 | 390.55 | 396.68 | OK | |
r-release-macos-arm64 | 0.3.2 | 126.00 | OK | |||
r-release-macos-x86_64 | 0.3.2 | 217.00 | OK | |||
r-release-windows-x86_64 | 0.3.2 | 9.00 | 480.00 | 489.00 | OK | |
r-oldrel-macos-arm64 | 0.3.2 | 151.00 | OK | |||
r-oldrel-macos-x86_64 | 0.3.2 | 218.00 | OK | |||
r-oldrel-windows-x86_64 | 0.3.2 | 10.00 | 475.00 | 485.00 | OK |
Version: 0.3.2
Check: DESCRIPTION meta-information
Result: NOTE
Missing dependency on R >= 4.1.0 because package code uses the pipe
|> or function shorthand \(...) syntax added in R 4.1.0.
File(s) using such syntax:
‘create_comparison.R’ ‘extract_group_metrics.R’ ‘extract_layman.R’
‘extract_mu.R’ ‘extract_niche_size.R’ ‘extract_overlap.R’
‘extract_sigma.R’ ‘extract_similarities.R’ ‘niche_ellipse.R’
Flavors: r-devel-linux-x86_64-debian-clang, r-devel-linux-x86_64-debian-gcc, r-devel-linux-x86_64-fedora-clang, r-devel-linux-x86_64-fedora-gcc, r-devel-macos-x86_64, r-devel-windows-x86_64