Last updated on 2025-10-31 00:51:10 CET.
| Flavor | Version | Tinstall | Tcheck | Ttotal | Status | Flags | 
|---|---|---|---|---|---|---|
| r-devel-linux-x86_64-debian-clang | 0.1.4 | 3.45 | 46.82 | 50.27 | OK | |
| r-devel-linux-x86_64-debian-gcc | 0.1.4 | 2.46 | 36.91 | 39.37 | OK | |
| r-devel-linux-x86_64-fedora-clang | 0.1.4 | 74.81 | OK | |||
| r-devel-linux-x86_64-fedora-gcc | 0.1.4 | 106.95 | OK | |||
| r-devel-windows-x86_64 | 0.1.4 | 4.00 | 99.00 | 103.00 | OK | |
| r-patched-linux-x86_64 | 0.1.4 | 4.50 | 43.79 | 48.29 | OK | |
| r-release-linux-x86_64 | 0.1.4 | 2.71 | 43.34 | 46.05 | OK | |
| r-release-macos-arm64 | 0.1.4 | 2.00 | 65.00 | 67.00 | OK | |
| r-release-macos-x86_64 | 0.1.4 | 3.00 | 139.00 | 142.00 | OK | |
| r-release-windows-x86_64 | 0.1.4 | 7.00 | 94.00 | 101.00 | OK | |
| r-oldrel-macos-arm64 | 0.1.4 | 2.00 | 55.00 | 57.00 | NOTE | |
| r-oldrel-macos-x86_64 | 0.1.4 | 3.00 | 95.00 | 98.00 | NOTE | |
| r-oldrel-windows-x86_64 | 0.1.4 | 6.00 | 107.00 | 113.00 | NOTE | 
Version: 0.1.4
Check: LazyData
Result: NOTE
    'LazyData' is specified without a 'data' directory
Flavors: r-oldrel-macos-arm64, r-oldrel-macos-x86_64, r-oldrel-windows-x86_64