Last updated on 2025-02-22 00:49:53 CET.
Flavor | Version | Tinstall | Tcheck | Ttotal | Status | Flags |
---|---|---|---|---|---|---|
r-devel-linux-x86_64-debian-clang | 1.5.3 | 101.43 | 420.74 | 522.17 | OK | |
r-devel-linux-x86_64-debian-gcc | 1.5.3 | 74.57 | 284.90 | 359.47 | OK | |
r-devel-linux-x86_64-fedora-clang | 1.5.3 | 962.18 | OK | |||
r-devel-linux-x86_64-fedora-gcc | 1.5.3 | 963.21 | OK | |||
r-devel-macos-arm64 | 1.5.3 | 209.00 | OK | |||
r-devel-macos-x86_64 | 1.5.3 | 508.00 | OK | |||
r-devel-windows-x86_64 | 1.5.3 | 88.00 | 361.00 | 449.00 | OK | |
r-patched-linux-x86_64 | 1.5.3 | 104.37 | 379.48 | 483.85 | OK | |
r-release-linux-x86_64 | 1.5.3 | 101.89 | 378.29 | 480.18 | OK | |
r-release-macos-arm64 | 1.5.3 | 214.00 | NOTE | |||
r-release-macos-x86_64 | 1.5.3 | 319.00 | NOTE | |||
r-release-windows-x86_64 | 1.5.3 | 89.00 | 357.00 | 446.00 | OK | |
r-oldrel-macos-arm64 | 1.5.3 | 208.00 | NOTE | |||
r-oldrel-macos-x86_64 | 1.5.3 | 488.00 | NOTE | |||
r-oldrel-windows-x86_64 | 1.5.3 | 122.00 | 499.00 | 621.00 | OK |
Version: 1.5.3
Check: installed package size
Result: NOTE
installed size is 29.3Mb
sub-directories of 1Mb or more:
libs 27.6Mb
Flavors: r-release-macos-arm64, r-release-macos-x86_64, r-oldrel-macos-arm64, r-oldrel-macos-x86_64