Last updated on 2025-10-31 00:51:09 CET.
| Flavor | Version | Tinstall | Tcheck | Ttotal | Status | Flags | 
|---|---|---|---|---|---|---|
| r-devel-linux-x86_64-debian-clang | 0.9.0 | 4.99 | 39.59 | 44.58 | NOTE | |
| r-devel-linux-x86_64-debian-gcc | 0.9.0 | 3.66 | 29.80 | 33.46 | NOTE | |
| r-devel-linux-x86_64-fedora-clang | 0.9.0 | 13.00 | 52.03 | 65.03 | OK | |
| r-devel-linux-x86_64-fedora-gcc | 0.9.0 | 60.57 | OK | |||
| r-devel-windows-x86_64 | 0.9.0 | 6.00 | 58.00 | 64.00 | OK | |
| r-patched-linux-x86_64 | 0.9.0 | 4.67 | 36.46 | 41.13 | OK | |
| r-release-linux-x86_64 | 0.9.0 | 4.37 | 36.22 | 40.59 | OK | |
| r-release-macos-arm64 | 0.9.0 | 2.00 | 22.00 | 24.00 | OK | |
| r-release-macos-x86_64 | 0.9.0 | 4.00 | 34.00 | 38.00 | OK | |
| r-release-windows-x86_64 | 0.9.0 | 7.00 | 61.00 | 68.00 | OK | |
| r-oldrel-macos-arm64 | 0.9.0 | 2.00 | 20.00 | 22.00 | NOTE | |
| r-oldrel-macos-x86_64 | 0.9.0 | 3.00 | 31.00 | 34.00 | NOTE | |
| r-oldrel-windows-x86_64 | 0.9.0 | 8.00 | 69.00 | 77.00 | NOTE | 
Version: 0.9.0
Check: CRAN incoming feasibility
Result: NOTE
  Maintainer: ‘Eduardo Flores <eduardo@enelmargen.org>’
  
  No Authors@R field in DESCRIPTION.
  Please add one, modifying
    Authors@R: person(given = "Eduardo",
                      family = "Flores",
                      role = c("aut", "cre"),
                      email = "eduardo@enelmargen.org")
  as necessary.
Flavors: r-devel-linux-x86_64-debian-clang, r-devel-linux-x86_64-debian-gcc
Version: 0.9.0
Check: LazyData
Result: NOTE
    'LazyData' is specified without a 'data' directory
Flavors: r-oldrel-macos-arm64, r-oldrel-macos-x86_64, r-oldrel-windows-x86_64