Last updated on 2025-02-22 00:49:53 CET.
Flavor | Version | Tinstall | Tcheck | Ttotal | Status | Flags |
---|---|---|---|---|---|---|
r-devel-linux-x86_64-debian-clang | 2.4.1 | 6.76 | 88.56 | 95.32 | NOTE | |
r-devel-linux-x86_64-debian-gcc | 2.4.1 | 4.60 | 59.63 | 64.23 | NOTE | |
r-devel-linux-x86_64-fedora-clang | 2.4.1 | 153.94 | NOTE | |||
r-devel-linux-x86_64-fedora-gcc | 2.4.1 | 157.85 | NOTE | |||
r-devel-macos-arm64 | 2.4.1 | 49.00 | NOTE | |||
r-devel-macos-x86_64 | 2.4.1 | 103.00 | NOTE | |||
r-devel-windows-x86_64 | 2.4.1 | 8.00 | 96.00 | 104.00 | NOTE | |
r-patched-linux-x86_64 | 2.4.1 | 6.48 | 80.24 | 86.72 | NOTE | |
r-release-linux-x86_64 | 2.4.1 | 5.82 | 79.82 | 85.64 | NOTE | |
r-release-macos-arm64 | 2.4.1 | 54.00 | NOTE | |||
r-release-macos-x86_64 | 2.4.1 | 90.00 | NOTE | |||
r-release-windows-x86_64 | 2.4.1 | 8.00 | 96.00 | 104.00 | NOTE | |
r-oldrel-macos-arm64 | 2.4.1 | 50.00 | OK | |||
r-oldrel-macos-x86_64 | 2.4.1 | 84.00 | OK | |||
r-oldrel-windows-x86_64 | 2.4.1 | 11.00 | 117.00 | 128.00 | OK |
Version: 2.4.1
Check: Rd files
Result: NOTE
checkRd: (-1) drop_name_crossref.Rd:49: Lost braces; missing escapes or markup?
49 | Takes one or several dois and extracts information from Crossref, then processes them into visual citations with \code{\link{drop_name}}. Requires {rcrossref} > v1.1, see README for further details.
| ^
Flavors: r-devel-linux-x86_64-debian-clang, r-devel-linux-x86_64-debian-gcc, r-devel-linux-x86_64-fedora-clang, r-devel-linux-x86_64-fedora-gcc, r-devel-macos-arm64, r-devel-macos-x86_64, r-devel-windows-x86_64, r-patched-linux-x86_64, r-release-linux-x86_64, r-release-macos-arm64, r-release-macos-x86_64, r-release-windows-x86_64