Last updated on 2025-10-31 00:51:09 CET.
| Flavor | Version | Tinstall | Tcheck | Ttotal | Status | Flags | 
|---|---|---|---|---|---|---|
| r-devel-linux-x86_64-debian-clang | 2.1-1 | 16.13 | 170.30 | 186.43 | NOTE | |
| r-devel-linux-x86_64-debian-gcc | 2.1-1 | 11.38 | 121.57 | 132.95 | NOTE | |
| r-devel-linux-x86_64-fedora-clang | 2.1-1 | 34.00 | 256.86 | 290.86 | NOTE | |
| r-devel-linux-x86_64-fedora-gcc | 2.1-1 | 32.00 | 260.86 | 292.86 | NOTE | |
| r-devel-windows-x86_64 | 2.1-1 | 17.00 | 171.00 | 188.00 | NOTE | |
| r-patched-linux-x86_64 | 2.1-1 | 14.02 | 162.09 | 176.11 | NOTE | |
| r-release-linux-x86_64 | 2.1-1 | 13.83 | 158.36 | 172.19 | NOTE | |
| r-release-macos-arm64 | 2.1-1 | 5.00 | 67.00 | 72.00 | NOTE | |
| r-release-macos-x86_64 | 2.1-1 | 14.00 | 139.00 | 153.00 | NOTE | |
| r-release-windows-x86_64 | 2.1-1 | 19.00 | 170.00 | 189.00 | NOTE | |
| r-oldrel-macos-arm64 | 2.1-1 | 6.00 | 79.00 | 85.00 | NOTE | |
| r-oldrel-macos-x86_64 | 2.1-1 | 12.00 | 168.00 | 180.00 | NOTE | |
| r-oldrel-windows-x86_64 | 2.1-1 | 22.00 | 215.00 | 237.00 | NOTE | 
Version: 2.1-1
Check: CRAN incoming feasibility
Result: NOTE
  Maintainer: ‘Hervé Monod <herve.monod@inra.fr>’
  
  No Authors@R field in DESCRIPTION.
  Please add one, modifying
    Authors@R: c(person(given = "Caroline",
                        family = "Bidot",
                        role = "aut",
                        email = "caroline.bidot@inra.fr"),
                 person(given = "Matieyendou",
                        family = "Lamboni",
                        role = "aut",
                        email = "matieyendou.lamboni@gmail.com"),
                 person(given = "Hervé",
                        family = "Monod",
                        role = c("aut", "cre"),
                        email = "herve.monod@inra.fr"))
  as necessary.
  
  Package CITATION file contains call(s) to old-style personList() or
  as.personList().  Please use c() on person objects instead.
Flavors: r-devel-linux-x86_64-debian-clang, r-devel-linux-x86_64-debian-gcc
Version: 2.1-1
Check: Rd files
Result: NOTE
  checkRd: (-1) biomasse.Rd:30: Lost braces
      30 | Makowski, D., Jeuffroy, M.-H., Gu\'{e}rif, M., 2004 Bayesian methods for
         |                                    ^
  checkRd: (-1) climat.Rd:20: Lost braces
      20 | Makowski, D., Jeuffroy, M.-H., Gu\'{e}rif, M., 2004 Bayesian methods for
         |                                    ^
  checkRd: (-1) simulmodel.Rd:15: Lost braces
      15 |   \item{\dots}{... }{possible fixed parameters of the R-function}
         |                     ^
Flavors: r-devel-linux-x86_64-debian-clang, r-devel-linux-x86_64-debian-gcc, r-devel-linux-x86_64-fedora-clang, r-devel-linux-x86_64-fedora-gcc, r-devel-windows-x86_64, r-patched-linux-x86_64, r-release-linux-x86_64, r-release-macos-arm64, r-release-macos-x86_64, r-release-windows-x86_64, r-oldrel-macos-arm64, r-oldrel-macos-x86_64, r-oldrel-windows-x86_64