Last updated on 2025-10-31 00:51:09 CET.
| Flavor | Version | Tinstall | Tcheck | Ttotal | Status | Flags | 
|---|---|---|---|---|---|---|
| r-devel-linux-x86_64-debian-clang | 1.0.0 | 26.09 | 320.99 | 347.08 | OK | |
| r-devel-linux-x86_64-debian-gcc | 1.0.0 | 15.73 | 192.17 | 207.90 | OK | |
| r-devel-linux-x86_64-fedora-clang | 1.0.0 | 58.00 | 488.56 | 546.56 | OK | |
| r-devel-linux-x86_64-fedora-gcc | 1.0.0 | 67.00 | 494.51 | 561.51 | OK | |
| r-devel-windows-x86_64 | 1.0.0 | 26.00 | 258.00 | 284.00 | OK | |
| r-patched-linux-x86_64 | 1.0.0 | 27.50 | 304.34 | 331.84 | OK | |
| r-release-linux-x86_64 | 1.0.0 | 25.47 | 302.20 | 327.67 | OK | |
| r-release-macos-arm64 | 1.0.0 | 12.00 | 133.00 | 145.00 | OK | |
| r-release-macos-x86_64 | 1.0.0 | 29.00 | 253.00 | 282.00 | OK | |
| r-release-windows-x86_64 | 1.0.0 | 25.00 | 254.00 | 279.00 | OK | |
| r-oldrel-macos-arm64 | 1.0.0 | 10.00 | 112.00 | 122.00 | OK | |
| r-oldrel-macos-x86_64 | 1.0.0 | 27.00 | 257.00 | 284.00 | OK | |
| r-oldrel-windows-x86_64 | 1.0.0 | 35.00 | 352.00 | 387.00 | ERROR | 
Version: 1.0.0
Check: re-building of vignette outputs
Result: ERROR
  Error(s) in re-building vignettes:
  --- re-building 'Introduction.Rmd' using rmarkdown
  File ./man/figures/plot_peje.png not found in resource path
  Error: processing vignette 'Introduction.Rmd' failed with diagnostics:
  pandoc document conversion failed with error 99
  --- failed re-building 'Introduction.Rmd'
  
  SUMMARY: processing the following file failed:
    'Introduction.Rmd'
  
  Error: Vignette re-building failed.
  Execution halted
Flavor: r-oldrel-windows-x86_64