Last updated on 2024-08-24 02:49:47 CEST.
Flavor | Version | Tinstall | Tcheck | Ttotal | Status | Flags |
---|---|---|---|---|---|---|
r-devel-linux-x86_64-debian-clang | 11.3.5.101 | 11.30 | 45.38 | 56.68 | OK | |
r-devel-linux-x86_64-debian-gcc | 11.3.5.101 | 6.97 | 33.37 | 40.34 | OK | |
r-devel-linux-x86_64-fedora-clang | 11.3.5.101 | 91.89 | NOTE | |||
r-devel-linux-x86_64-fedora-gcc | 11.3.5.101 | 98.22 | NOTE | |||
r-devel-windows-x86_64 | 11.3.5.101 | 13.00 | 64.00 | 77.00 | OK | |
r-patched-linux-x86_64 | 11.3.5.101 | 12.29 | 43.03 | 55.32 | OK | |
r-release-linux-x86_64 | 11.3.5.101 | 10.90 | 42.92 | 53.82 | OK | |
r-release-macos-arm64 | 11.3.5.101 | 34.00 | OK | |||
r-release-macos-x86_64 | 11.3.5.101 | 52.00 | OK | |||
r-release-windows-x86_64 | 11.3.5.101 | 13.00 | 64.00 | 77.00 | OK | |
r-oldrel-macos-arm64 | 11.3.5.101 | 36.00 | OK | |||
r-oldrel-macos-x86_64 | 11.3.5.101 | 46.00 | OK | |||
r-oldrel-windows-x86_64 | 11.3.5.101 | 16.00 | 72.00 | 88.00 | OK |
Version: 11.3.5.101
Check: dependencies in R code
Result: NOTE
Namespaces in Imports field not imported from:
‘markdown’ ‘methods’ ‘vctrs’
All declared Imports should be used.
Flavors: r-devel-linux-x86_64-fedora-clang, r-devel-linux-x86_64-fedora-gcc