Last updated on 2024-05-23 01:58:02 CEST.
Flavor | Version | Tinstall | Tcheck | Ttotal | Status | Flags |
---|---|---|---|---|---|---|
r-devel-linux-x86_64-debian-clang | 1.4.1 | 149.29 | 164.29 | 313.58 | OK | |
r-devel-linux-x86_64-debian-gcc | 1.4.1 | 106.70 | 117.77 | 224.47 | OK | |
r-devel-linux-x86_64-fedora-clang | 1.4.1 | 443.18 | OK | |||
r-devel-linux-x86_64-fedora-gcc | 1.4.1 | 436.21 | OK | |||
r-devel-windows-x86_64 | 1.4.1 | 140.00 | 176.00 | 316.00 | OK | |
r-patched-linux-x86_64 | 1.4.1 | 170.19 | 156.77 | 326.96 | OK | |
r-release-linux-x86_64 | 1.4.1 | 162.11 | 155.40 | 317.51 | OK | |
r-release-macos-arm64 | 1.4.1 | 94.00 | NOTE | |||
r-release-macos-x86_64 | 1.4.1 | 186.00 | NOTE | |||
r-release-windows-x86_64 | 1.4.1 | 139.00 | 175.00 | 314.00 | OK | |
r-oldrel-macos-arm64 | 1.4.1 | 99.00 | NOTE | |||
r-oldrel-macos-x86_64 | 1.4.1 | 137.00 | NOTE | |||
r-oldrel-windows-x86_64 | 1.4.1 | 169.00 | 227.00 | 396.00 | OK |
Version: 1.4.1
Check: installed package size
Result: NOTE
installed size is 6.9Mb
sub-directories of 1Mb or more:
libs 5.0Mb
Flavors: r-release-macos-arm64, r-release-macos-x86_64, r-oldrel-macos-arm64, r-oldrel-macos-x86_64