Last updated on 2025-10-31 00:51:09 CET.
| Flavor | Version | Tinstall | Tcheck | Ttotal | Status | Flags | 
|---|---|---|---|---|---|---|
| r-devel-linux-x86_64-debian-clang | 0.2.1 | 2.28 | 49.35 | 51.63 | NOTE | |
| r-devel-linux-x86_64-debian-gcc | 0.2.1 | 2.10 | 37.01 | 39.11 | NOTE | |
| r-devel-linux-x86_64-fedora-clang | 0.2.1 | 77.35 | NOTE | |||
| r-devel-linux-x86_64-fedora-gcc | 0.2.1 | 87.31 | NOTE | |||
| r-devel-windows-x86_64 | 0.2.1 | 4.00 | 67.00 | 71.00 | NOTE | |
| r-patched-linux-x86_64 | 0.2.1 | 2.99 | 44.93 | 47.92 | NOTE | |
| r-release-linux-x86_64 | 0.2.1 | 2.90 | 44.98 | 47.88 | NOTE | |
| r-release-macos-arm64 | 0.2.1 | 1.00 | 33.00 | 34.00 | NOTE | |
| r-release-macos-x86_64 | 0.2.1 | 2.00 | 59.00 | 61.00 | NOTE | |
| r-release-windows-x86_64 | 0.2.1 | 5.00 | 66.00 | 71.00 | NOTE | |
| r-oldrel-macos-arm64 | 0.2.1 | 2.00 | 35.00 | 37.00 | OK | |
| r-oldrel-macos-x86_64 | 0.2.1 | 2.00 | 50.00 | 52.00 | OK | |
| r-oldrel-windows-x86_64 | 0.2.1 | 7.00 | 79.00 | 86.00 | OK | 
Version: 0.2.1
Check: DESCRIPTION meta-information
Result: NOTE
    Missing dependency on R >= 4.1.0 because package code uses the pipe
    |> or function shorthand \(...) syntax added in R 4.1.0.
    File(s) using such syntax:
      ‘compute-contribution.R’ ‘compute-headcount-ratio-adjusted.R’
      ‘compute-headcount-ratio.R’ ‘compute-mpi.R’ ‘compute_mpi.Rd’
      ‘create-deprivation-matrix.R’ ‘define-deprivation.R’
      ‘define-mpi-specs.R’ ‘define_deprivation.Rd’ ‘define_mpi_specs.Rd’
      ‘helpers.R’ ‘save_mpi.R’ ‘write-as-excel.R’
Flavors: r-devel-linux-x86_64-debian-clang, r-devel-linux-x86_64-debian-gcc, r-devel-linux-x86_64-fedora-clang, r-devel-linux-x86_64-fedora-gcc, r-devel-windows-x86_64, r-patched-linux-x86_64, r-release-linux-x86_64, r-release-macos-arm64, r-release-windows-x86_64
Version: 0.2.1
Check: DESCRIPTION meta-information
Result: NOTE
    Missing dependency on R >= 4.1.0 because package code uses the pipe
    |> or function shorthand \(...) syntax added in R 4.1.0.
    File(s) using such syntax:
      ‘compute-contribution.R’ ‘compute-headcount-ratio-adjusted.R’
      ‘compute-headcount-ratio.R’ ‘compute-mpi.R’
      ‘create-deprivation-matrix.R’ ‘define-deprivation.R’
      ‘define-mpi-specs.R’ ‘helpers.R’ ‘save_mpi.R’ ‘write-as-excel.R’
Flavor: r-release-macos-x86_64