Last updated on 2025-02-22 00:49:52 CET.
Flavor | Version | Tinstall | Tcheck | Ttotal | Status | Flags |
---|---|---|---|---|---|---|
r-devel-linux-x86_64-debian-clang | 0.1.4 | 8.65 | 169.03 | 177.68 | NOTE | |
r-devel-linux-x86_64-debian-gcc | 0.1.4 | 5.76 | 109.08 | 114.84 | NOTE | |
r-devel-linux-x86_64-fedora-clang | 0.1.4 | 284.16 | OK | |||
r-devel-linux-x86_64-fedora-gcc | 0.1.4 | 274.48 | OK | |||
r-devel-macos-arm64 | 0.1.4 | 89.00 | OK | |||
r-devel-macos-x86_64 | 0.1.4 | 176.00 | OK | |||
r-devel-windows-x86_64 | 0.1.4 | 13.00 | 210.00 | 223.00 | NOTE | |
r-patched-linux-x86_64 | 0.1.4 | 16.68 | 157.42 | 174.10 | OK | |
r-release-linux-x86_64 | 0.1.4 | 8.03 | 154.30 | 162.33 | OK | |
r-release-macos-arm64 | 0.1.4 | 96.00 | OK | |||
r-release-macos-x86_64 | 0.1.4 | 130.00 | OK | |||
r-release-windows-x86_64 | 0.1.4 | 13.00 | 199.00 | 212.00 | OK | |
r-oldrel-macos-arm64 | 0.1.4 | 90.00 | OK | |||
r-oldrel-macos-x86_64 | 0.1.4 | 161.00 | OK | |||
r-oldrel-windows-x86_64 | 0.1.4 | 15.00 | 242.00 | 257.00 | OK |
Version: 0.1.4
Check: Rd cross-references
Result: NOTE
Found the following Rd file(s) with Rd \link{} targets missing package
anchors:
plot.GrangerInteraction.Rd: plot.igraph
plot.View.Rd: plot.zoo
Please provide package anchors for all Rd \link{} targets not in the
package itself and the base packages.
Flavors: r-devel-linux-x86_64-debian-clang, r-devel-linux-x86_64-debian-gcc, r-devel-windows-x86_64