Last updated on 2025-02-22 00:49:52 CET.
Flavor | Version | Tinstall | Tcheck | Ttotal | Status | Flags |
---|---|---|---|---|---|---|
r-devel-linux-x86_64-debian-clang | 4.2.6 | 58.69 | 443.79 | 502.48 | OK | |
r-devel-linux-x86_64-debian-gcc | 4.2.6 | 37.89 | 283.51 | 321.40 | OK | |
r-devel-linux-x86_64-fedora-clang | 4.2.6 | 817.80 | OK | |||
r-devel-linux-x86_64-fedora-gcc | 4.2.6 | 803.48 | OK | |||
r-devel-macos-arm64 | 4.2.6 | 191.00 | OK | |||
r-devel-macos-x86_64 | 4.2.6 | 433.00 | OK | |||
r-devel-windows-x86_64 | 4.2.6 | 56.00 | 411.00 | 467.00 | OK | |
r-patched-linux-x86_64 | 4.2.6 | 62.26 | 411.89 | 474.15 | OK | |
r-release-linux-x86_64 | 4.2.6 | 57.51 | 409.70 | 467.21 | OK | |
r-release-macos-arm64 | 4.2.6 | 177.00 | NOTE | |||
r-release-macos-x86_64 | 4.2.6 | 349.00 | NOTE | |||
r-release-windows-x86_64 | 4.2.6 | 58.00 | 416.00 | 474.00 | OK | |
r-oldrel-macos-arm64 | 4.2.6 | 192.00 | NOTE | |||
r-oldrel-macos-x86_64 | 4.2.6 | 349.00 | NOTE | |||
r-oldrel-windows-x86_64 | 4.2.6 | 77.00 | 580.00 | 657.00 | OK |
Version: 4.2.6
Check: installed package size
Result: NOTE
installed size is 5.4Mb
sub-directories of 1Mb or more:
R 2.0Mb
Flavors: r-release-macos-arm64, r-release-macos-x86_64, r-oldrel-macos-arm64, r-oldrel-macos-x86_64