CRAN Package Check Results for Package morestopwords

Last updated on 2025-11-01 01:50:37 CET.

Flavor Version Tinstall Tcheck Ttotal Status Flags
r-devel-linux-x86_64-debian-clang 0.2.0 1.84 20.94 22.78 NOTE
r-devel-linux-x86_64-debian-gcc 0.2.0 1.49 17.72 19.21 NOTE
r-devel-linux-x86_64-fedora-clang 0.2.0 32.98 NOTE
r-devel-linux-x86_64-fedora-gcc 0.2.0 30.95 NOTE
r-devel-windows-x86_64 0.2.0 4.00 40.00 44.00 NOTE
r-patched-linux-x86_64 0.2.0 1.63 19.81 21.44 NOTE
r-release-linux-x86_64 0.2.0 1.75 19.92 21.67 NOTE
r-release-macos-arm64 0.2.0 1.00 14.00 15.00 NOTE
r-release-macos-x86_64 0.2.0 2.00 22.00 24.00 NOTE
r-release-windows-x86_64 0.2.0 5.00 42.00 47.00 NOTE
r-oldrel-macos-arm64 0.2.0 1.00 13.00 14.00 OK
r-oldrel-macos-x86_64 0.2.0 2.00 19.00 21.00 OK
r-oldrel-windows-x86_64 0.2.0 4.00 48.00 52.00 OK

Check Details

Version: 0.2.0
Check: DESCRIPTION meta-information
Result: NOTE Missing dependency on R >= 4.1.0 because package code uses the pipe |> or function shorthand \(...) syntax added in R 4.1.0. File(s) using such syntax: ‘stopwords.R’ Flavors: r-devel-linux-x86_64-debian-clang, r-devel-linux-x86_64-debian-gcc, r-devel-linux-x86_64-fedora-clang, r-devel-linux-x86_64-fedora-gcc, r-devel-windows-x86_64, r-patched-linux-x86_64, r-release-linux-x86_64, r-release-macos-arm64, r-release-macos-x86_64, r-release-windows-x86_64