Last updated on 2025-02-22 00:49:52 CET.
Flavor | Version | Tinstall | Tcheck | Ttotal | Status | Flags |
---|---|---|---|---|---|---|
r-devel-linux-x86_64-debian-clang | 0.9.7 | 6.57 | 47.27 | 53.84 | NOTE | |
r-devel-linux-x86_64-debian-gcc | 0.9.7 | 4.85 | 36.34 | 41.19 | NOTE | |
r-devel-linux-x86_64-fedora-clang | 0.9.7 | 83.41 | NOTE | |||
r-devel-linux-x86_64-fedora-gcc | 0.9.7 | 94.98 | NOTE | |||
r-devel-macos-arm64 | 0.9.7 | 47.00 | OK | |||
r-devel-macos-x86_64 | 0.9.7 | 71.00 | NOTE | |||
r-devel-windows-x86_64 | 0.9.7 | 10.00 | 73.00 | 83.00 | NOTE | |
r-patched-linux-x86_64 | 0.9.7 | 6.84 | 44.80 | 51.64 | OK | |
r-release-linux-x86_64 | 0.9.7 | 5.98 | 44.77 | 50.75 | OK | |
r-release-macos-arm64 | 0.9.7 | 40.00 | OK | |||
r-release-macos-x86_64 | 0.9.7 | 105.00 | OK | |||
r-release-windows-x86_64 | 0.9.7 | 9.00 | 76.00 | 85.00 | OK | |
r-oldrel-macos-arm64 | 0.9.7 | 43.00 | OK | |||
r-oldrel-macos-x86_64 | 0.9.7 | 98.00 | OK | |||
r-oldrel-windows-x86_64 | 0.9.7 | 14.00 | 98.00 | 112.00 | OK |
Version: 0.9.7
Check: DESCRIPTION meta-information
Result: NOTE
Missing dependency on R >= 4.2.0 because package code uses the pipe
placeholder syntax added in R 4.2.0.
File(s) using such syntax:
‘bigram.R’ ‘moranajp.R’
Flavors: r-devel-linux-x86_64-debian-clang, r-devel-linux-x86_64-debian-gcc, r-devel-linux-x86_64-fedora-clang, r-devel-linux-x86_64-fedora-gcc, r-devel-windows-x86_64
Version: 0.9.7
Check: DESCRIPTION meta-information
Result: NOTE
Missing dependency on R >= 4.1.0 because package code uses the pipe
|> or function shorthand \(...) syntax added in R 4.1.0.
File(s) using such syntax:
‘bigram.R’ ‘clean_up.R’ ‘make_group.R’ ‘moranajp.R’ ‘utils_id.R’
Flavor: r-devel-macos-x86_64