Last updated on 2025-02-22 00:49:52 CET.
Flavor | Version | Tinstall | Tcheck | Ttotal | Status | Flags |
---|---|---|---|---|---|---|
r-devel-linux-x86_64-debian-clang | 0.0.4 | 26.32 | 106.36 | 132.68 | OK | |
r-devel-linux-x86_64-debian-gcc | 0.0.4 | 17.66 | 72.18 | 89.84 | OK | |
r-devel-linux-x86_64-fedora-clang | 0.0.4 | 225.70 | OK | |||
r-devel-linux-x86_64-fedora-gcc | 0.0.4 | 226.67 | OK | |||
r-devel-macos-arm64 | 0.0.4 | 58.00 | OK | |||
r-devel-macos-x86_64 | 0.0.4 | 114.00 | OK | |||
r-devel-windows-x86_64 | 0.0.4 | 40.00 | 144.00 | 184.00 | OK | |
r-patched-linux-x86_64 | 0.0.4 | 23.37 | 96.26 | 119.63 | NOTE | |
r-release-linux-x86_64 | 0.0.4 | 24.18 | 97.78 | 121.96 | NOTE | |
r-release-macos-arm64 | 0.0.4 | 61.00 | NOTE | |||
r-release-macos-x86_64 | 0.0.4 | 104.00 | NOTE | |||
r-release-windows-x86_64 | 0.0.4 | 43.00 | 143.00 | 186.00 | NOTE | |
r-oldrel-macos-arm64 | 0.0.4 | 62.00 | NOTE | |||
r-oldrel-macos-x86_64 | 0.0.4 | 112.00 | NOTE | |||
r-oldrel-windows-x86_64 | 0.0.4 | 45.00 | 209.00 | 254.00 | NOTE |
Version: 0.0.4
Check: package dependencies
Result: NOTE
Package suggested but not available for checking: ‘lixoftConnectors’
Flavors: r-patched-linux-x86_64, r-release-linux-x86_64, r-release-macos-arm64, r-release-macos-x86_64, r-release-windows-x86_64, r-oldrel-macos-arm64, r-oldrel-macos-x86_64, r-oldrel-windows-x86_64
Version: 0.0.4
Check: installed package size
Result: NOTE
installed size is 5.9Mb
sub-directories of 1Mb or more:
libs 3.7Mb
theo 1.1Mb
Flavors: r-release-macos-arm64, r-release-macos-x86_64, r-oldrel-macos-arm64, r-oldrel-macos-x86_64