CRAN Package Check Results for Package mojson

Last updated on 2025-02-22 00:49:52 CET.

Flavor Version Tinstall Tcheck Ttotal Status Flags
r-devel-linux-x86_64-debian-clang 0.1 4.94 38.28 43.22 OK
r-devel-linux-x86_64-debian-gcc 0.1 3.40 27.80 31.20 OK
r-devel-linux-x86_64-fedora-clang 0.1 68.21 OK
r-devel-linux-x86_64-fedora-gcc 0.1 74.91 OK
r-devel-macos-arm64 0.1 31.00 OK
r-devel-macos-x86_64 0.1 72.00 OK
r-devel-windows-x86_64 0.1 7.00 57.00 64.00 OK
r-patched-linux-x86_64 0.1 4.65 34.59 39.24 NOTE
r-release-linux-x86_64 0.1 5.04 35.01 40.05 NOTE
r-release-macos-arm64 0.1 31.00 NOTE
r-release-macos-x86_64 0.1 50.00 NOTE
r-release-windows-x86_64 0.1 7.00 55.00 62.00 NOTE
r-oldrel-macos-arm64 0.1 30.00 NOTE
r-oldrel-macos-x86_64 0.1 43.00 NOTE
r-oldrel-windows-x86_64 0.1 8.00 70.00 78.00 NOTE

Check Details

Version: 0.1
Check: LazyData
Result: NOTE 'LazyData' is specified without a 'data' directory Flavors: r-patched-linux-x86_64, r-release-linux-x86_64, r-release-macos-arm64, r-release-macos-x86_64, r-release-windows-x86_64, r-oldrel-macos-arm64, r-oldrel-macos-x86_64, r-oldrel-windows-x86_64