Last updated on 2024-08-24 02:49:46 CEST.
Flavor | Version | Tinstall | Tcheck | Ttotal | Status | Flags |
---|---|---|---|---|---|---|
r-devel-linux-x86_64-debian-clang | 0.2.3 | 24.66 | 242.49 | 267.15 | OK | |
r-devel-linux-x86_64-debian-gcc | 0.2.3 | 15.98 | 166.72 | 182.70 | OK | |
r-devel-linux-x86_64-fedora-clang | 0.2.3 | 336.40 | NOTE | |||
r-devel-linux-x86_64-fedora-gcc | 0.2.3 | 420.15 | NOTE | |||
r-devel-windows-x86_64 | 0.2.3 | 24.00 | 212.00 | 236.00 | OK | |
r-patched-linux-x86_64 | 0.2.3 | 21.32 | 230.25 | 251.57 | OK | |
r-release-linux-x86_64 | 0.2.3 | 23.80 | 210.24 | 234.04 | OK | |
r-release-macos-arm64 | 0.2.3 | 137.00 | OK | |||
r-release-macos-x86_64 | 0.2.3 | 203.00 | OK | |||
r-release-windows-x86_64 | 0.2.3 | 23.00 | 206.00 | 229.00 | OK | |
r-oldrel-macos-arm64 | 0.2.3 | 86.00 | OK | |||
r-oldrel-macos-x86_64 | 0.2.3 | 263.00 | OK | |||
r-oldrel-windows-x86_64 | 0.2.3 | 33.00 | 278.00 | 311.00 | OK |
Version: 0.2.3
Check: package dependencies
Result: NOTE
Imports includes 24 non-default packages.
Importing from so many packages makes the package vulnerable to any of
them becoming unavailable. Move as many as possible to Suggests and
use conditionally.
Flavor: r-devel-linux-x86_64-fedora-clang
Version: 0.2.3
Check: dependencies in R code
Result: NOTE
Namespaces in Imports field not imported from:
‘crayon’ ‘dials’ ‘glue’ ‘parsnip’
All declared Imports should be used.
Flavors: r-devel-linux-x86_64-fedora-clang, r-devel-linux-x86_64-fedora-gcc