Last updated on 2025-10-31 00:51:09 CET.
| Flavor | Version | Tinstall | Tcheck | Ttotal | Status | Flags | 
|---|---|---|---|---|---|---|
| r-devel-linux-x86_64-debian-clang | 0.2.5 | 3.11 | 90.68 | 93.79 | NOTE | |
| r-devel-linux-x86_64-debian-gcc | 0.2.5 | 2.44 | 61.20 | 63.64 | NOTE | |
| r-devel-linux-x86_64-fedora-clang | 0.2.5 | 142.14 | NOTE | |||
| r-devel-linux-x86_64-fedora-gcc | 0.2.5 | 150.56 | NOTE | |||
| r-devel-windows-x86_64 | 0.2.5 | 6.00 | 118.00 | 124.00 | NOTE | |
| r-patched-linux-x86_64 | 0.2.5 | 4.04 | 84.15 | 88.19 | NOTE | |
| r-release-linux-x86_64 | 0.2.5 | 4.24 | 84.64 | 88.88 | NOTE | |
| r-release-macos-arm64 | 0.2.5 | 2.00 | 67.00 | 69.00 | NOTE | |
| r-release-macos-x86_64 | 0.2.5 | 4.00 | 96.00 | 100.00 | NOTE | |
| r-release-windows-x86_64 | 0.2.5 | 6.00 | 125.00 | 131.00 | NOTE | |
| r-oldrel-macos-arm64 | 0.2.5 | 2.00 | 50.00 | 52.00 | NOTE | |
| r-oldrel-macos-x86_64 | 0.2.5 | 3.00 | 70.00 | 73.00 | NOTE | |
| r-oldrel-windows-x86_64 | 0.2.5 | 8.00 | 135.00 | 143.00 | NOTE | 
Version: 0.2.5
Check: CRAN incoming feasibility
Result: NOTE
  Maintainer: ‘David M Schruth <dschruth@anthropoidea.org>’
  
  No Authors@R field in DESCRIPTION.
  Please add one, modifying
    Authors@R: person(given = c("David", "M"),
                      family = "Schruth",
                      role = c("aut", "cre"),
                      email = "dschruth@anthropoidea.org")
  as necessary.
Flavors: r-devel-linux-x86_64-debian-clang, r-devel-linux-x86_64-debian-gcc
Version: 0.2.5
Check: Rd files
Result: NOTE
  checkRd: (-1) average.fit.models.Rd:6: Lost braces; missing escapes or markup?
       6 | These function takes the output of pgls.iter and uses its list of objects { model fits, optimzations (e.g.AICc)} and performs a weighted average on the ctoefficients estimated in the former by weighting by the latter. The parameters can also optionally be converted to binary by specifying "binary=FALSE" or just running the alias wraper function for assessing evidence of variable importance (Burnham & Anderson 2000).
         |                                                                           ^
Flavors: r-devel-linux-x86_64-debian-clang, r-devel-linux-x86_64-debian-gcc, r-devel-linux-x86_64-fedora-clang, r-devel-linux-x86_64-fedora-gcc, r-devel-windows-x86_64, r-patched-linux-x86_64, r-release-linux-x86_64, r-release-macos-arm64, r-release-macos-x86_64, r-release-windows-x86_64, r-oldrel-macos-arm64, r-oldrel-macos-x86_64, r-oldrel-windows-x86_64