Last updated on 2025-10-31 00:51:09 CET.
| Flavor | Version | Tinstall | Tcheck | Ttotal | Status | Flags | 
|---|---|---|---|---|---|---|
| r-devel-linux-x86_64-debian-clang | 0.1-6 | 11.68 | 102.49 | 114.17 | NOTE | |
| r-devel-linux-x86_64-debian-gcc | 0.1-6 | 7.42 | 73.44 | 80.86 | NOTE | |
| r-devel-linux-x86_64-fedora-clang | 0.1-6 | 28.00 | 145.55 | 173.55 | OK | |
| r-devel-linux-x86_64-fedora-gcc | 0.1-6 | 22.00 | 155.23 | 177.23 | OK | |
| r-devel-windows-x86_64 | 0.1-6 | 11.00 | 132.00 | 143.00 | OK | |
| r-patched-linux-x86_64 | 0.1-6 | 11.30 | 98.21 | 109.51 | OK | |
| r-release-linux-x86_64 | 0.1-6 | 9.23 | 98.98 | 108.21 | OK | |
| r-release-macos-arm64 | 0.1-6 | 5.00 | 54.00 | 59.00 | OK | |
| r-release-macos-x86_64 | 0.1-6 | 9.00 | 97.00 | 106.00 | OK | |
| r-release-windows-x86_64 | 0.1-6 | 11.00 | 139.00 | 150.00 | OK | |
| r-oldrel-macos-arm64 | 0.1-6 | 4.00 | 47.00 | 51.00 | OK | |
| r-oldrel-macos-x86_64 | 0.1-6 | 7.00 | 76.00 | 83.00 | OK | |
| r-oldrel-windows-x86_64 | 0.1-6 | 15.00 | 171.00 | 186.00 | OK | 
Version: 0.1-6
Check: CRAN incoming feasibility
Result: NOTE
  Maintainer: ‘E. Lopez-Vizcaino <esther.lopez@ige.eu>’
  
  No Authors@R field in DESCRIPTION.
  Please add one, modifying
    Authors@R: c(person(given = "E.",
                        family = "Lopez-Vizcaino",
                        role = c("aut", "cre"),
                        email = "esther.lopez@ige.eu"),
                 person(given = "M.J.",
                        family = "Lombardia",
                        role = "aut"),
                 person(given = "D.",
                        family = "Morales",
                        role = "aut"))
  as necessary.
Flavors: r-devel-linux-x86_64-debian-clang, r-devel-linux-x86_64-debian-gcc