Last updated on 2025-10-31 00:51:09 CET.
| Flavor | Version | Tinstall | Tcheck | Ttotal | Status | Flags | 
|---|---|---|---|---|---|---|
| r-devel-linux-x86_64-debian-clang | 0.0.3 | 5.97 | 52.91 | 58.88 | NOTE | |
| r-devel-linux-x86_64-debian-gcc | 0.0.3 | 3.94 | 40.94 | 44.88 | NOTE | |
| r-devel-linux-x86_64-fedora-clang | 0.0.3 | 14.00 | 76.72 | 90.72 | OK | |
| r-devel-linux-x86_64-fedora-gcc | 0.0.3 | 13.00 | 74.11 | 87.11 | OK | |
| r-devel-windows-x86_64 | 0.0.3 | 7.00 | 62.00 | 69.00 | OK | |
| r-patched-linux-x86_64 | 0.0.3 | 6.67 | 50.64 | 57.31 | OK | |
| r-release-linux-x86_64 | 0.0.3 | 5.68 | 50.44 | 56.12 | OK | |
| r-release-macos-arm64 | 0.0.3 | 4.00 | 32.00 | 36.00 | OK | |
| r-release-macos-x86_64 | 0.0.3 | 6.00 | 51.00 | 57.00 | OK | |
| r-release-windows-x86_64 | 0.0.3 | 7.00 | 64.00 | 71.00 | OK | |
| r-oldrel-macos-arm64 | 0.0.3 | 3.00 | 29.00 | 32.00 | OK | |
| r-oldrel-macos-x86_64 | 0.0.3 | 5.00 | 42.00 | 47.00 | OK | |
| r-oldrel-windows-x86_64 | 0.0.3 | 9.00 | 78.00 | 87.00 | OK | 
Version: 0.0.3
Check: CRAN incoming feasibility
Result: NOTE
  Maintainer: ‘Jaejoon Song <jjsong2@mdanderson.org>’
  
  No Authors@R field in DESCRIPTION.
  Please add one, modifying
    Authors@R: person(given = "Jaejoon",
                      family = "Song",
                      role = c("aut", "cre"),
                      email = "jjsong2@mdanderson.org")
  as necessary.
Flavors: r-devel-linux-x86_64-debian-clang, r-devel-linux-x86_64-debian-gcc