Last updated on 2024-07-22 01:49:28 CEST.
Flavor | Version | Tinstall | Tcheck | Ttotal | Status | Flags |
---|---|---|---|---|---|---|
r-devel-linux-x86_64-debian-clang | 1.0.0 | 1.91 | 38.32 | 40.23 | NOTE | |
r-devel-linux-x86_64-debian-gcc | 1.0.0 | 1.71 | 31.38 | 33.09 | NOTE | |
r-devel-linux-x86_64-fedora-clang | 1.0.0 | 51.19 | NOTE | |||
r-devel-linux-x86_64-fedora-gcc | 1.0.0 | 47.98 | NOTE | |||
r-devel-windows-x86_64 | 1.0.0 | 3.00 | 49.00 | 52.00 | NOTE | |
r-patched-linux-x86_64 | 1.0.0 | 2.18 | 37.82 | 40.00 | NOTE | |
r-release-linux-x86_64 | 1.0.0 | 1.88 | 36.65 | 38.53 | NOTE | |
r-release-macos-arm64 | 1.0.0 | 18.00 | NOTE | |||
r-release-macos-x86_64 | 1.0.0 | 25.00 | NOTE | |||
r-release-windows-x86_64 | 1.0.0 | 3.00 | 49.00 | 52.00 | NOTE | |
r-oldrel-macos-arm64 | 1.0.0 | 18.00 | NOTE | |||
r-oldrel-macos-x86_64 | 1.0.0 | 27.00 | NOTE | |||
r-oldrel-windows-x86_64 | 1.0.0 | 3.00 | 54.00 | 57.00 | NOTE |
Version: 1.0.0
Check: package subdirectories
Result: NOTE
Problems with news in ‘NEWS.md’:
No news entries found.
Flavors: r-devel-linux-x86_64-debian-clang, r-devel-linux-x86_64-debian-gcc, r-devel-linux-x86_64-fedora-clang, r-devel-linux-x86_64-fedora-gcc, r-devel-windows-x86_64, r-patched-linux-x86_64, r-release-linux-x86_64, r-release-macos-arm64, r-release-macos-x86_64, r-release-windows-x86_64, r-oldrel-macos-arm64, r-oldrel-macos-x86_64, r-oldrel-windows-x86_64