Last updated on 2025-02-22 00:49:52 CET.
Flavor | Version | Tinstall | Tcheck | Ttotal | Status | Flags |
---|---|---|---|---|---|---|
r-devel-linux-x86_64-debian-clang | 1.1.1 | 1.60 | 17.19 | 18.79 | OK | |
r-devel-linux-x86_64-debian-gcc | 1.1.1 | 1.20 | 13.68 | 14.88 | OK | |
r-devel-linux-x86_64-fedora-clang | 1.1.1 | 30.63 | OK | |||
r-devel-linux-x86_64-fedora-gcc | 1.1.1 | 29.07 | OK | |||
r-devel-macos-arm64 | 1.1.1 | 15.00 | OK | |||
r-devel-macos-x86_64 | 1.1.1 | 21.00 | OK | |||
r-devel-windows-x86_64 | 1.1.1 | 3.00 | 45.00 | 48.00 | OK | |
r-patched-linux-x86_64 | 1.1.1 | 1.35 | 15.98 | 17.33 | NOTE | |
r-release-linux-x86_64 | 1.1.1 | 1.43 | 17.11 | 18.54 | NOTE | |
r-release-macos-arm64 | 1.1.1 | 14.00 | NOTE | |||
r-release-macos-x86_64 | 1.1.1 | 27.00 | NOTE | |||
r-release-windows-x86_64 | 1.1.1 | 2.00 | 40.00 | 42.00 | NOTE | |
r-oldrel-macos-arm64 | 1.1.1 | 15.00 | NOTE | |||
r-oldrel-macos-x86_64 | 1.1.1 | 19.00 | NOTE | |||
r-oldrel-windows-x86_64 | 1.1.1 | 3.00 | 42.00 | 45.00 | NOTE |
Version: 1.1.1
Check: package dependencies
Result: NOTE
Package suggested but not available for checking: ‘mixRasch’
Flavors: r-patched-linux-x86_64, r-release-linux-x86_64, r-release-macos-arm64, r-release-macos-x86_64, r-release-windows-x86_64, r-oldrel-macos-arm64, r-oldrel-macos-x86_64, r-oldrel-windows-x86_64