Last updated on 2025-10-31 00:51:09 CET.
| Flavor | Version | Tinstall | Tcheck | Ttotal | Status | Flags | 
|---|---|---|---|---|---|---|
| r-devel-linux-x86_64-debian-clang | 1.0.0 | 2.86 | 238.34 | 241.20 | NOTE | |
| r-devel-linux-x86_64-debian-gcc | 1.0.0 | 1.88 | 139.53 | 141.41 | NOTE | |
| r-devel-linux-x86_64-fedora-clang | 1.0.0 | 363.35 | NOTE | |||
| r-devel-linux-x86_64-fedora-gcc | 1.0.0 | 368.98 | NOTE | |||
| r-devel-windows-x86_64 | 1.0.0 | 4.00 | 234.00 | 238.00 | NOTE | |
| r-patched-linux-x86_64 | 1.0.0 | 2.96 | 212.49 | 215.45 | NOTE | |
| r-release-linux-x86_64 | 1.0.0 | 2.36 | 213.96 | 216.32 | NOTE | |
| r-release-macos-arm64 | 1.0.0 | 2.00 | 132.00 | 134.00 | NOTE | |
| r-release-macos-x86_64 | 1.0.0 | 2.00 | 286.00 | 288.00 | NOTE | |
| r-release-windows-x86_64 | 1.0.0 | 6.00 | 234.00 | 240.00 | NOTE | |
| r-oldrel-macos-arm64 | 1.0.0 | 2.00 | 113.00 | 115.00 | NOTE | |
| r-oldrel-macos-x86_64 | 1.0.0 | 4.00 | 222.00 | 226.00 | NOTE | |
| r-oldrel-windows-x86_64 | 1.0.0 | 6.00 | 363.00 | 369.00 | NOTE | 
Version: 1.0.0
Check: CRAN incoming feasibility
Result: NOTE
  Maintainer: ‘Bing Song <bing.song@utsouthwestern.edu>’
  
  No Authors@R field in DESCRIPTION.
  Please add one, modifying
    Authors@R: person(given = "Bing",
                      family = "Song",
                      role = c("aut", "cre"),
                      email = "bing.song@utsouthwestern.edu")
  as necessary.
  
  Package CITATION file contains call(s) to old-style citEntry().  Please
  use bibentry() instead.
Flavors: r-devel-linux-x86_64-debian-clang, r-devel-linux-x86_64-debian-gcc
Version: 1.0.0
Check: package subdirectories
Result: NOTE
  Problems with news in ‘NEWS.md’:
    Cannot extract version info from the following section titles:
      Bug Fix
      Update Vignettes
      Function Optimizing
      New Functions
      Vignette
      Optimization
      Fix Bugs
      Add New Function
      Update Description Files
      Fix bugs
      New .R files
      Update Old .R files
Flavors: r-devel-linux-x86_64-debian-clang, r-devel-linux-x86_64-debian-gcc, r-devel-linux-x86_64-fedora-clang, r-devel-linux-x86_64-fedora-gcc, r-devel-windows-x86_64, r-patched-linux-x86_64, r-release-linux-x86_64, r-release-macos-arm64, r-release-macos-x86_64, r-release-windows-x86_64, r-oldrel-macos-arm64, r-oldrel-macos-x86_64, r-oldrel-windows-x86_64