Last updated on 2025-02-22 00:49:52 CET.
Flavor | Version | Tinstall | Tcheck | Ttotal | Status | Flags |
---|---|---|---|---|---|---|
r-devel-linux-x86_64-debian-clang | 0.6-28 | 2.29 | 24.23 | 26.52 | NOTE | |
r-devel-linux-x86_64-debian-gcc | 0.6-28 | 1.63 | 19.81 | 21.44 | NOTE | |
r-devel-linux-x86_64-fedora-clang | 0.6-28 | 42.79 | NOTE | |||
r-devel-linux-x86_64-fedora-gcc | 0.6-28 | 41.34 | NOTE | |||
r-devel-macos-arm64 | 0.6-28 | 21.00 | NOTE | |||
r-devel-macos-x86_64 | 0.6-28 | 37.00 | NOTE | |||
r-devel-windows-x86_64 | 0.6-28 | 4.00 | 53.00 | 57.00 | NOTE | |
r-patched-linux-x86_64 | 0.6-28 | 2.55 | 23.30 | 25.85 | NOTE | |
r-release-linux-x86_64 | 0.6-28 | 2.00 | 23.55 | 25.55 | NOTE | |
r-release-macos-arm64 | 0.6-28 | 32.00 | NOTE | |||
r-release-macos-x86_64 | 0.6-28 | 28.00 | NOTE | |||
r-release-windows-x86_64 | 0.6-28 | 4.00 | 50.00 | 54.00 | NOTE | |
r-oldrel-macos-arm64 | 0.6-28 | 19.00 | OK | |||
r-oldrel-macos-x86_64 | 0.6-28 | 39.00 | OK | |||
r-oldrel-windows-x86_64 | 0.6-28 | 4.00 | 58.00 | 62.00 | OK |
Version: 0.6-28
Check: Rd files
Result: NOTE
checkRd: (-1) sumKeepAttr.Rd:19: Lost braces
19 | (only relevant if code{x} has only one element).}
| ^
Flavors: r-devel-linux-x86_64-debian-clang, r-devel-linux-x86_64-debian-gcc, r-devel-linux-x86_64-fedora-clang, r-devel-linux-x86_64-fedora-gcc, r-devel-macos-arm64, r-devel-macos-x86_64, r-devel-windows-x86_64, r-patched-linux-x86_64, r-release-linux-x86_64, r-release-macos-arm64, r-release-macos-x86_64, r-release-windows-x86_64