Last updated on 2025-10-31 00:51:09 CET.
| Flavor | Version | Tinstall | Tcheck | Ttotal | Status | Flags | 
|---|---|---|---|---|---|---|
| r-devel-linux-x86_64-debian-clang | 0.6-28 | 1.85 | 27.09 | 28.94 | NOTE | |
| r-devel-linux-x86_64-debian-gcc | 0.6-28 | 1.82 | 22.07 | 23.89 | NOTE | |
| r-devel-linux-x86_64-fedora-clang | 0.6-28 | 43.23 | NOTE | |||
| r-devel-linux-x86_64-fedora-gcc | 0.6-28 | 41.62 | NOTE | |||
| r-devel-windows-x86_64 | 0.6-28 | 3.00 | 49.00 | 52.00 | NOTE | |
| r-patched-linux-x86_64 | 0.6-28 | 2.51 | 25.40 | 27.91 | NOTE | |
| r-release-linux-x86_64 | 0.6-28 | 2.30 | 25.60 | 27.90 | NOTE | |
| r-release-macos-arm64 | 0.6-28 | 2.00 | 21.00 | 23.00 | NOTE | |
| r-release-macos-x86_64 | 0.6-28 | 2.00 | 30.00 | 32.00 | NOTE | |
| r-release-windows-x86_64 | 0.6-28 | 4.00 | 52.00 | 56.00 | NOTE | |
| r-oldrel-macos-arm64 | 0.6-28 | 2.00 | 30.00 | 32.00 | NOTE | |
| r-oldrel-macos-x86_64 | 0.6-28 | 2.00 | 26.00 | 28.00 | NOTE | |
| r-oldrel-windows-x86_64 | 0.6-28 | 4.00 | 56.00 | 60.00 | NOTE | 
Version: 0.6-28
Check: CRAN incoming feasibility
Result: NOTE
  Maintainer: ‘Arne Henningsen <arne.henningsen@gmail.com>’
  
  No Authors@R field in DESCRIPTION.
  Please add one, modifying
    Authors@R: c(person(given = "Arne",
                        family = "Henningsen",
                        role = c("aut", "cre"),
                        email = "arne.henningsen@gmail.com"),
                 person(given = "Ott",
                        family = "Toomet",
                        role = "aut"))
  as necessary.
Flavors: r-devel-linux-x86_64-debian-clang, r-devel-linux-x86_64-debian-gcc
Version: 0.6-28
Check: Rd files
Result: NOTE
  checkRd: (-1) sumKeepAttr.Rd:19: Lost braces
      19 |       (only relevant if code{x} has only one element).}
         |                             ^
Flavors: r-devel-linux-x86_64-debian-clang, r-devel-linux-x86_64-debian-gcc, r-devel-linux-x86_64-fedora-clang, r-devel-linux-x86_64-fedora-gcc, r-devel-windows-x86_64, r-patched-linux-x86_64, r-release-linux-x86_64, r-release-macos-arm64, r-release-macos-x86_64, r-release-windows-x86_64, r-oldrel-macos-arm64, r-oldrel-macos-x86_64, r-oldrel-windows-x86_64