Last updated on 2025-02-22 00:49:52 CET.
Flavor | Version | Tinstall | Tcheck | Ttotal | Status | Flags |
---|---|---|---|---|---|---|
r-devel-linux-x86_64-debian-clang | 1.0.1 | 45.20 | 24.73 | 69.93 | OK | |
r-devel-linux-x86_64-debian-gcc | 1.0.1 | 31.71 | 23.38 | 55.09 | OK | |
r-devel-linux-x86_64-fedora-clang | 1.0.1 | 110.31 | OK | |||
r-devel-linux-x86_64-fedora-gcc | 1.0.1 | 131.65 | OK | |||
r-devel-macos-arm64 | 1.0.1 | 37.00 | OK | |||
r-devel-macos-x86_64 | 1.0.1 | 76.00 | OK | |||
r-devel-windows-x86_64 | 1.0.1 | 36.00 | 71.00 | 107.00 | OK | |
r-patched-linux-x86_64 | 1.0.1 | 43.98 | 28.54 | 72.52 | OK | |
r-release-linux-x86_64 | 1.0.1 | 45.05 | 28.79 | 73.84 | OK | |
r-release-macos-arm64 | 1.0.1 | 36.00 | NOTE | |||
r-release-macos-x86_64 | 1.0.1 | 57.00 | NOTE | |||
r-release-windows-x86_64 | 1.0.1 | 38.00 | 66.00 | 104.00 | OK | |
r-oldrel-macos-arm64 | 1.0.1 | 35.00 | NOTE | |||
r-oldrel-macos-x86_64 | 1.0.1 | 68.00 | NOTE | |||
r-oldrel-windows-x86_64 | 1.0.1 | 48.00 | 93.00 | 141.00 | OK |
Version: 1.0.1
Check: installed package size
Result: NOTE
installed size is 22.5Mb
sub-directories of 1Mb or more:
libs 22.4Mb
Flavors: r-release-macos-arm64, r-release-macos-x86_64, r-oldrel-macos-arm64, r-oldrel-macos-x86_64