Last updated on 2025-10-31 00:51:09 CET.
| Flavor | Version | Tinstall | Tcheck | Ttotal | Status | Flags | 
|---|---|---|---|---|---|---|
| r-devel-linux-x86_64-debian-clang | 0.1.2 | 3.43 | 32.91 | 36.34 | NOTE | |
| r-devel-linux-x86_64-debian-gcc | 0.1.2 | 2.58 | 26.74 | 29.32 | NOTE | |
| r-devel-linux-x86_64-fedora-clang | 0.1.2 | 53.01 | OK | |||
| r-devel-linux-x86_64-fedora-gcc | 0.1.2 | 50.69 | OK | |||
| r-devel-windows-x86_64 | 0.1.2 | 5.00 | 48.00 | 53.00 | OK | |
| r-patched-linux-x86_64 | 0.1.2 | 3.05 | 30.14 | 33.19 | OK | |
| r-release-linux-x86_64 | 0.1.2 | 2.96 | 30.29 | 33.25 | OK | |
| r-release-macos-arm64 | 0.1.2 | 2.00 | 17.00 | 19.00 | OK | |
| r-release-macos-x86_64 | 0.1.2 | 3.00 | 26.00 | 29.00 | OK | |
| r-release-windows-x86_64 | 0.1.2 | 6.00 | 49.00 | 55.00 | OK | |
| r-oldrel-macos-arm64 | 0.1.2 | 2.00 | 21.00 | 23.00 | OK | |
| r-oldrel-macos-x86_64 | 0.1.2 | 3.00 | 42.00 | 45.00 | OK | |
| r-oldrel-windows-x86_64 | 0.1.2 | 7.00 | 58.00 | 65.00 | OK | 
Version: 0.1.2
Check: DESCRIPTION meta-information
Result: NOTE
  Author field differs from that derived from Authors@R
    Author:    ‘Joe Cheng [cre, aut], Posit Software, PBC [cph, fnd] (03wc8by49)’
    Authors@R: ‘Joe Cheng [cre, aut], Posit Software, PBC [cph, fnd] (ROR: <https://ror.org/03wc8by49>)’
Flavors: r-devel-linux-x86_64-debian-clang, r-devel-linux-x86_64-debian-gcc