Last updated on 2025-10-31 00:51:08 CET.
| Flavor | Version | Tinstall | Tcheck | Ttotal | Status | Flags | 
|---|---|---|---|---|---|---|
| r-devel-linux-x86_64-debian-clang | 1.0.0 | 1.50 | 23.20 | 24.70 | NOTE | |
| r-devel-linux-x86_64-debian-gcc | 1.0.0 | 1.35 | 19.81 | 21.16 | NOTE | |
| r-devel-linux-x86_64-fedora-clang | 1.0.0 | 36.21 | NOTE | |||
| r-devel-linux-x86_64-fedora-gcc | 1.0.0 | 49.31 | NOTE | |||
| r-devel-windows-x86_64 | 1.0.0 | 3.00 | 42.00 | 45.00 | NOTE | |
| r-patched-linux-x86_64 | 1.0.0 | 1.26 | 21.18 | 22.44 | NOTE | |
| r-release-linux-x86_64 | 1.0.0 | 1.52 | 21.15 | 22.67 | NOTE | |
| r-release-macos-arm64 | 1.0.0 | 1.00 | 26.00 | 27.00 | NOTE | |
| r-release-macos-x86_64 | 1.0.0 | 3.00 | 53.00 | 56.00 | NOTE | |
| r-release-windows-x86_64 | 1.0.0 | 3.00 | 42.00 | 45.00 | NOTE | |
| r-oldrel-macos-arm64 | 1.0.0 | 1.00 | 21.00 | 22.00 | OK | |
| r-oldrel-macos-x86_64 | 1.0.0 | 2.00 | 34.00 | 36.00 | OK | |
| r-oldrel-windows-x86_64 | 1.0.0 | 3.00 | 50.00 | 53.00 | OK | 
Version: 1.0.0
Check: DESCRIPTION meta-information
Result: NOTE
    Missing dependency on R >= 4.1.0 because package code uses the pipe
    |> or function shorthand \(...) syntax added in R 4.1.0.
    File(s) using such syntax:
      ‘get_dependencies.R’ ‘micromodal.R’ ‘micromodal.Rd’
      ‘use_micromodal.R’
Flavors: r-devel-linux-x86_64-debian-clang, r-devel-linux-x86_64-debian-gcc, r-devel-linux-x86_64-fedora-clang, r-devel-linux-x86_64-fedora-gcc, r-devel-windows-x86_64, r-patched-linux-x86_64, r-release-linux-x86_64, r-release-macos-arm64, r-release-macos-x86_64, r-release-windows-x86_64