Last updated on 2025-10-31 00:51:08 CET.
| Flavor | Version | Tinstall | Tcheck | Ttotal | Status | Flags | 
|---|---|---|---|---|---|---|
| r-devel-linux-x86_64-debian-clang | 1.0-2 | 14.16 | 104.67 | 118.83 | NOTE | |
| r-devel-linux-x86_64-debian-gcc | 1.0-2 | 8.61 | 71.86 | 80.47 | NOTE | |
| r-devel-linux-x86_64-fedora-clang | 1.0-2 | 32.00 | 149.58 | 181.58 | OK | |
| r-devel-linux-x86_64-fedora-gcc | 1.0-2 | 60.00 | 118.17 | 178.17 | OK | |
| r-devel-windows-x86_64 | 1.0-2 | 15.00 | 104.00 | 119.00 | OK | --no-vignettes | 
| r-patched-linux-x86_64 | 1.0-2 | 12.73 | 96.37 | 109.10 | OK | |
| r-release-linux-x86_64 | 1.0-2 | 12.17 | 96.25 | 108.42 | OK | |
| r-release-macos-arm64 | 1.0-2 | 6.00 | 43.00 | 49.00 | OK | |
| r-release-macos-x86_64 | 1.0-2 | 11.00 | 102.00 | 113.00 | OK | |
| r-release-windows-x86_64 | 1.0-2 | 15.00 | 104.00 | 119.00 | OK | --no-vignettes | 
| r-oldrel-macos-arm64 | 1.0-2 | 6.00 | 43.00 | 49.00 | OK | |
| r-oldrel-macos-x86_64 | 1.0-2 | 9.00 | 60.00 | 69.00 | OK | |
| r-oldrel-windows-x86_64 | 1.0-2 | 21.00 | 120.00 | 141.00 | OK | --no-vignettes | 
Version: 1.0-2
Check: CRAN incoming feasibility
Result: NOTE
  Maintainer: ‘Arne Henningsen <arne.henningsen@gmail.com>’
  
  No Authors@R field in DESCRIPTION.
  Please add one, modifying
    Authors@R: c(person(given = "Arne",
                        family = "Henningsen",
                        role = c("aut", "cre"),
                        email = "arne.henningsen@gmail.com"),
                 person(given = "Geraldine",
                        family = "Henningsen",
                        role = "aut"))
  as necessary.
  
  Package CITATION file contains call(s) to old-style personList() or
  as.personList().  Please use c() on person objects instead.
  Package CITATION file contains call(s) to old-style citEntry().  Please
  use bibentry() instead.
  
  The BugReports field in DESCRIPTION has
    https://github.com/micEcon/micEconCES
  which should likely be
    https://github.com/micEcon/micEconCES/issues
  instead.
Flavors: r-devel-linux-x86_64-debian-clang, r-devel-linux-x86_64-debian-gcc