Last updated on 2025-11-01 01:50:37 CET.
| Flavor | Version | Tinstall | Tcheck | Ttotal | Status | Flags |
|---|---|---|---|---|---|---|
| r-devel-linux-x86_64-debian-clang | 1.1 | 1.62 | 35.86 | 37.48 | NOTE | |
| r-devel-linux-x86_64-debian-gcc | 1.1 | 1.70 | 28.62 | 30.32 | NOTE | |
| r-devel-linux-x86_64-fedora-clang | 1.1 | 103.83 | OK | |||
| r-devel-linux-x86_64-fedora-gcc | 1.1 | 113.49 | OK | |||
| r-devel-windows-x86_64 | 1.1 | 4.00 | 133.00 | 137.00 | OK | |
| r-patched-linux-x86_64 | 1.1 | 2.21 | 33.71 | 35.92 | OK | |
| r-release-linux-x86_64 | 1.1 | 2.24 | 33.70 | 35.94 | OK | |
| r-release-macos-arm64 | 1.1 | 1.00 | 67.00 | 68.00 | OK | |
| r-release-macos-x86_64 | 1.1 | 2.00 | 100.00 | 102.00 | OK | |
| r-release-windows-x86_64 | 1.1 | 5.00 | 125.00 | 130.00 | OK | |
| r-oldrel-macos-arm64 | 1.1 | 1.00 | 45.00 | 46.00 | NOTE | |
| r-oldrel-macos-x86_64 | 1.1 | 2.00 | 70.00 | 72.00 | NOTE | |
| r-oldrel-windows-x86_64 | 1.1 | 5.00 | 131.00 | 136.00 | NOTE |
Version: 1.1
Check: CRAN incoming feasibility
Result: NOTE
Maintainer: ‘Richèl J.C. Bilderbeek <richel@richelbilderbeek.nl>’
The BugReports field in DESCRIPTION has
https://github.com/richelbilderbeek/mhcnuggetsr
which should likely be
https://github.com/richelbilderbeek/mhcnuggetsr/issues
instead.
Flavors: r-devel-linux-x86_64-debian-clang, r-devel-linux-x86_64-debian-gcc
Version: 1.1
Check: LazyData
Result: NOTE
'LazyData' is specified without a 'data' directory
Flavors: r-oldrel-macos-arm64, r-oldrel-macos-x86_64, r-oldrel-windows-x86_64