Last updated on 2024-07-22 01:49:28 CEST.
Flavor | Version | Tinstall | Tcheck | Ttotal | Status | Flags |
---|---|---|---|---|---|---|
r-devel-linux-x86_64-debian-clang | 1.5-2 | 20.61 | 150.72 | 171.33 | OK | |
r-devel-linux-x86_64-debian-gcc | 1.5-2 | 12.82 | 110.15 | 122.97 | NOTE | |
r-devel-linux-x86_64-fedora-clang | 1.5-2 | 205.75 | OK | |||
r-devel-linux-x86_64-fedora-gcc | 1.5-2 | 188.56 | OK | |||
r-devel-windows-x86_64 | 1.5-2 | 18.00 | 118.00 | 136.00 | NOTE | |
r-patched-linux-x86_64 | 1.5-2 | 20.61 | 140.91 | 161.52 | OK | |
r-release-linux-x86_64 | 1.5-2 | 10.49 | 141.26 | 151.75 | OK | |
r-release-macos-arm64 | 1.5-2 | 53.00 | OK | |||
r-release-macos-x86_64 | 1.5-2 | 77.00 | OK | |||
r-release-windows-x86_64 | 1.5-2 | 15.00 | 116.00 | 131.00 | OK | |
r-oldrel-macos-arm64 | 1.5-2 | 52.00 | OK | |||
r-oldrel-macos-x86_64 | 1.5-2 | 82.00 | OK | |||
r-oldrel-windows-x86_64 | 1.5-2 | 18.00 | 143.00 | 161.00 | OK |
Version: 1.5-2
Check: Rd cross-references
Result: NOTE
Found the following Rd file(s) with Rd \link{} targets missing package
anchors:
doiplot.Rd: metabias, funnel.meta
forest.orbbound.Rd: forest.meta
funnel.limitmeta.Rd: funnel.meta
lfkindex.Rd: metabias, funnel.meta
Please provide package anchors for all Rd \link{} targets not in the
package itself and the base packages.
Flavors: r-devel-linux-x86_64-debian-gcc, r-devel-windows-x86_64